{"id":11547,"date":"2023-08-31T15:57:32","date_gmt":"2023-08-31T14:57:32","guid":{"rendered":"https:\/\/baralivres.ma\/?post_type=product&#038;p=11547"},"modified":"2023-08-31T15:57:32","modified_gmt":"2023-08-31T14:57:32","slug":"une-fille-disparait","status":"publish","type":"product","link":"https:\/\/baralivres.ma\/?product=une-fille-disparait","title":{"rendered":"Une fille dispara\u00eet"},"content":{"rendered":"<p>Montpellier, 1453. Dans le cadre des festivit\u00e9s de No\u00ebl, une compagnie de com\u00e9diens vient jouer une pi\u00e8ce de th\u00e9\u00e2tre. Mais le danger r\u00f4de. Alis, la plus jeune fille du couple, dispara\u00eet sans laisser de traces&#8230; S&rsquo;est-elle noy\u00e9e dans le Lez ? A-t-elle \u00e9t\u00e9 enlev\u00e9e par des trafiquants d&rsquo;enfants ? Toujours aussi curieuse et intr\u00e9pide, Maguelone se lance, au p\u00e9ril de sa vie, sur la piste des ravisseurs.<br \/>\nCe troisi\u00e8me volume des aventures de Maguelone confronte la jeune h\u00e9ro\u00efne \u00e0 diverses menaces, en particulier une bande d&rsquo;adolescents qui veut se venger, et permet au lecteur de d\u00e9couvrir le monde un peu m\u00e9connu du th\u00e9\u00e2tre m\u00e9di\u00e9val<\/p>\n","protected":false},"excerpt":{"rendered":"<p>Ce troisi\u00e8me volume des aventures de Maguelone confronte la jeune h\u00e9ro\u00efne \u00e0 diverses menaces, en particulier une bande d&rsquo;adolescents qui veut se venger, et permet au lecteur de d\u00e9couvrir le monde un peu m\u00e9connu du th\u00e9\u00e2tre m\u00e9di\u00e9val<\/p>\n","protected":false},"featured_media":11548,"comment_status":"open","ping_status":"closed","template":"","meta":{"inline_featured_image":false},"product_cat":[203,204],"product_tag":[],"class_list":{"0":"post-11547","1":"product","2":"type-product","3":"status-publish","4":"has-post-thumbnail","6":"product_cat-adolescente","7":"product_cat-francais","9":"first","10":"instock","11":"shipping-taxable","12":"purchasable","13":"product-type-simple"},"_links":{"self":[{"href":"https:\/\/baralivres.ma\/index.php?rest_route=\/wp\/v2\/product\/11547","targetHints":{"allow":["GET"]}}],"collection":[{"href":"https:\/\/baralivres.ma\/index.php?rest_route=\/wp\/v2\/product"}],"about":[{"href":"https:\/\/baralivres.ma\/index.php?rest_route=\/wp\/v2\/types\/product"}],"replies":[{"embeddable":true,"href":"https:\/\/baralivres.ma\/index.php?rest_route=%2Fwp%2Fv2%2Fcomments&post=11547"}],"version-history":[{"count":1,"href":"https:\/\/baralivres.ma\/index.php?rest_route=\/wp\/v2\/product\/11547\/revisions"}],"predecessor-version":[{"id":11549,"href":"https:\/\/baralivres.ma\/index.php?rest_route=\/wp\/v2\/product\/11547\/revisions\/11549"}],"wp:featuredmedia":[{"embeddable":true,"href":"https:\/\/baralivres.ma\/index.php?rest_route=\/wp\/v2\/media\/11548"}],"wp:attachment":[{"href":"https:\/\/baralivres.ma\/index.php?rest_route=%2Fwp%2Fv2%2Fmedia&parent=11547"}],"wp:term":[{"taxonomy":"product_cat","embeddable":true,"href":"https:\/\/baralivres.ma\/index.php?rest_route=%2Fwp%2Fv2%2Fproduct_cat&post=11547"},{"taxonomy":"product_tag","embeddable":true,"href":"https:\/\/baralivres.ma\/index.php?rest_route=%2Fwp%2Fv2%2Fproduct_tag&post=11547"}],"curies":[{"name":"wp","href":"https:\/\/api.w.org\/{rel}","templated":true}]}}