{"id":11502,"date":"2023-08-31T15:45:10","date_gmt":"2023-08-31T14:45:10","guid":{"rendered":"https:\/\/baralivres.ma\/?post_type=product&#038;p=11502"},"modified":"2024-11-06T16:53:06","modified_gmt":"2024-11-06T15:53:06","slug":"le-petit-canard","status":"publish","type":"product","link":"https:\/\/baralivres.ma\/?product=le-petit-canard","title":{"rendered":"Le Petit Canard"},"content":{"rendered":"<p>DANS LA COLLECTION LES LECTURES NATURELLES DE CELINE ALVAREZ Un livre pour entrer dans la lecture d\u00e8s la maternelle &#8211; les digrammes sont en vert pour signaler les paires de lettres qui produisent un son. &#8211; les lettres muettes sont en gris pour rep\u00e9rer les lettres qui ne se prononcent pas. &#8211; des capitales pour faciliter la reconnaissance des lettres. &#8211; des bulles pour d\u00e9signer qui parle. &#8211; des onomatop\u00e9es pour un premier niveau de lecture tr\u00e8s simple.<br \/>\nD\u00e8s que l&rsquo;enfant conna\u00eet le son des lettres et des principaux digrammes (OU, AN, ON&#8230;), il peut lire son premier livre !<\/p>\n","protected":false},"excerpt":{"rendered":"<p>DANS LA COLLECTION LES LECTURES NATURELLES DE CELINE ALVAREZ Un livre pour entrer dans la lecture d\u00e8s la maternelle&#8230;<\/p>\n","protected":false},"featured_media":11515,"comment_status":"open","ping_status":"closed","template":"","meta":{"inline_featured_image":false},"product_cat":[3953],"product_tag":[],"class_list":{"0":"post-11502","1":"product","2":"type-product","3":"status-publish","4":"has-post-thumbnail","6":"product_cat-collection-de-celine-alvarez","8":"first","9":"instock","10":"shipping-taxable","11":"purchasable","12":"product-type-simple"},"_links":{"self":[{"href":"https:\/\/baralivres.ma\/index.php?rest_route=\/wp\/v2\/product\/11502","targetHints":{"allow":["GET"]}}],"collection":[{"href":"https:\/\/baralivres.ma\/index.php?rest_route=\/wp\/v2\/product"}],"about":[{"href":"https:\/\/baralivres.ma\/index.php?rest_route=\/wp\/v2\/types\/product"}],"replies":[{"embeddable":true,"href":"https:\/\/baralivres.ma\/index.php?rest_route=%2Fwp%2Fv2%2Fcomments&post=11502"}],"version-history":[{"count":1,"href":"https:\/\/baralivres.ma\/index.php?rest_route=\/wp\/v2\/product\/11502\/revisions"}],"predecessor-version":[{"id":11518,"href":"https:\/\/baralivres.ma\/index.php?rest_route=\/wp\/v2\/product\/11502\/revisions\/11518"}],"wp:featuredmedia":[{"embeddable":true,"href":"https:\/\/baralivres.ma\/index.php?rest_route=\/wp\/v2\/media\/11515"}],"wp:attachment":[{"href":"https:\/\/baralivres.ma\/index.php?rest_route=%2Fwp%2Fv2%2Fmedia&parent=11502"}],"wp:term":[{"taxonomy":"product_cat","embeddable":true,"href":"https:\/\/baralivres.ma\/index.php?rest_route=%2Fwp%2Fv2%2Fproduct_cat&post=11502"},{"taxonomy":"product_tag","embeddable":true,"href":"https:\/\/baralivres.ma\/index.php?rest_route=%2Fwp%2Fv2%2Fproduct_tag&post=11502"}],"curies":[{"name":"wp","href":"https:\/\/api.w.org\/{rel}","templated":true}]}}