{"id":11494,"date":"2023-08-31T15:28:51","date_gmt":"2023-08-31T14:28:51","guid":{"rendered":"https:\/\/baralivres.ma\/?post_type=product&#038;p=11494"},"modified":"2023-08-31T15:28:52","modified_gmt":"2023-08-31T14:28:52","slug":"zozo-zombie-tome-5","status":"publish","type":"product","link":"https:\/\/baralivres.ma\/?product=zozo-zombie-tome-5","title":{"rendered":"Zozo Zombie Tome 5"},"content":{"rendered":"<p>Encore plein d&rsquo;aventures \u00e0 rebondissements dans ce volume de Zozo Zombie. Il se fait ainsi attaquer par un moustique g\u00e9ant, livre une battle de transformisme avec un robot, lutte \u00e0 mort contre une fleur carnivore, mais pire que tout : il doit faire un r\u00e9gime, et pas question de toucher au donut abandonn\u00e9 dans la cuisine ! Heureusement, Zozo a le talent de se faire des amis et se lie ainsi avec un petit nuage tout mignon. Mais catastrophe ! Voici que d\u00e9barque en ville&#8230; un chasseur de zombies ! Comment \u00e9chapper \u00e0 cet inattendu pr\u00e9dateur sanguinaire quand on est un gentil enfant zombie ?<\/p>\n","protected":false},"excerpt":{"rendered":"<p>Encore plein d&rsquo;aventures \u00e0 rebondissements dans ce volume de Zozo Zombie. Il se fait ainsi attaquer par un moustique g\u00e9ant, livre une battle de transformisme avec un robot, lutte \u00e0 mort contre une fleur carnivore<\/p>\n","protected":false},"featured_media":11495,"comment_status":"open","ping_status":"closed","template":"","meta":{"inline_featured_image":false},"product_cat":[203,204,205],"product_tag":[],"class_list":{"0":"post-11494","1":"product","2":"type-product","3":"status-publish","4":"has-post-thumbnail","6":"product_cat-adolescente","7":"product_cat-francais","8":"product_cat-enfant-adolescente-francais","10":"first","11":"instock","12":"shipping-taxable","13":"purchasable","14":"product-type-simple"},"_links":{"self":[{"href":"https:\/\/baralivres.ma\/index.php?rest_route=\/wp\/v2\/product\/11494","targetHints":{"allow":["GET"]}}],"collection":[{"href":"https:\/\/baralivres.ma\/index.php?rest_route=\/wp\/v2\/product"}],"about":[{"href":"https:\/\/baralivres.ma\/index.php?rest_route=\/wp\/v2\/types\/product"}],"replies":[{"embeddable":true,"href":"https:\/\/baralivres.ma\/index.php?rest_route=%2Fwp%2Fv2%2Fcomments&post=11494"}],"version-history":[{"count":1,"href":"https:\/\/baralivres.ma\/index.php?rest_route=\/wp\/v2\/product\/11494\/revisions"}],"predecessor-version":[{"id":11499,"href":"https:\/\/baralivres.ma\/index.php?rest_route=\/wp\/v2\/product\/11494\/revisions\/11499"}],"wp:featuredmedia":[{"embeddable":true,"href":"https:\/\/baralivres.ma\/index.php?rest_route=\/wp\/v2\/media\/11495"}],"wp:attachment":[{"href":"https:\/\/baralivres.ma\/index.php?rest_route=%2Fwp%2Fv2%2Fmedia&parent=11494"}],"wp:term":[{"taxonomy":"product_cat","embeddable":true,"href":"https:\/\/baralivres.ma\/index.php?rest_route=%2Fwp%2Fv2%2Fproduct_cat&post=11494"},{"taxonomy":"product_tag","embeddable":true,"href":"https:\/\/baralivres.ma\/index.php?rest_route=%2Fwp%2Fv2%2Fproduct_tag&post=11494"}],"curies":[{"name":"wp","href":"https:\/\/api.w.org\/{rel}","templated":true}]}}