{"id":11477,"date":"2023-08-31T15:23:19","date_gmt":"2023-08-31T14:23:19","guid":{"rendered":"https:\/\/baralivres.ma\/?post_type=product&#038;p=11477"},"modified":"2024-11-18T15:08:34","modified_gmt":"2024-11-18T14:08:34","slug":"les-plus-belles-histoires-de-princesses-et-de-fees","status":"publish","type":"product","link":"https:\/\/baralivres.ma\/?product=les-plus-belles-histoires-de-princesses-et-de-fees","title":{"rendered":"Les plus belles histoires de princesses et de f\u00e9es"},"content":{"rendered":"<p>Des histoires de princesses et de f\u00e9es, amusantes, f\u00e9eriques, extraordinaires, \u00e0 lire le soir avant d&rsquo;aller au lit !<\/p>\n","protected":false},"excerpt":{"rendered":"<div class=\"fp-top--visuals\">\n<div class=\"fp-top--visuals--main\" data-display=\"image\">\n<div class=\"fix-min-height\">\n<div class=\"visual-container\">Des histoires pleines d&rsquo;aventures et de magie pour rire et r\u00eaver avant d&rsquo;aller se coucher.<\/div>\n<\/div>\n<\/div>\n<\/div>\n","protected":false},"featured_media":11480,"comment_status":"open","ping_status":"closed","template":"","meta":{"inline_featured_image":false},"product_cat":[3877,199],"product_tag":[],"class_list":{"0":"post-11477","1":"product","2":"type-product","3":"status-publish","4":"has-post-thumbnail","6":"product_cat-les-histoires-francais","7":"product_cat-histoires","9":"first","10":"instock","11":"shipping-taxable","12":"purchasable","13":"product-type-simple"},"_links":{"self":[{"href":"https:\/\/baralivres.ma\/index.php?rest_route=\/wp\/v2\/product\/11477","targetHints":{"allow":["GET"]}}],"collection":[{"href":"https:\/\/baralivres.ma\/index.php?rest_route=\/wp\/v2\/product"}],"about":[{"href":"https:\/\/baralivres.ma\/index.php?rest_route=\/wp\/v2\/types\/product"}],"replies":[{"embeddable":true,"href":"https:\/\/baralivres.ma\/index.php?rest_route=%2Fwp%2Fv2%2Fcomments&post=11477"}],"version-history":[{"count":1,"href":"https:\/\/baralivres.ma\/index.php?rest_route=\/wp\/v2\/product\/11477\/revisions"}],"predecessor-version":[{"id":11486,"href":"https:\/\/baralivres.ma\/index.php?rest_route=\/wp\/v2\/product\/11477\/revisions\/11486"}],"wp:featuredmedia":[{"embeddable":true,"href":"https:\/\/baralivres.ma\/index.php?rest_route=\/wp\/v2\/media\/11480"}],"wp:attachment":[{"href":"https:\/\/baralivres.ma\/index.php?rest_route=%2Fwp%2Fv2%2Fmedia&parent=11477"}],"wp:term":[{"taxonomy":"product_cat","embeddable":true,"href":"https:\/\/baralivres.ma\/index.php?rest_route=%2Fwp%2Fv2%2Fproduct_cat&post=11477"},{"taxonomy":"product_tag","embeddable":true,"href":"https:\/\/baralivres.ma\/index.php?rest_route=%2Fwp%2Fv2%2Fproduct_tag&post=11477"}],"curies":[{"name":"wp","href":"https:\/\/api.w.org\/{rel}","templated":true}]}}