{"id":11453,"date":"2023-08-31T13:03:20","date_gmt":"2023-08-31T12:03:20","guid":{"rendered":"https:\/\/baralivres.ma\/?post_type=product&#038;p=11453"},"modified":"2024-11-04T17:02:08","modified_gmt":"2024-11-04T16:02:08","slug":"les-aventures-de-tintin-tome-20","status":"publish","type":"product","link":"https:\/\/baralivres.ma\/?product=les-aventures-de-tintin-tome-20","title":{"rendered":"Les Aventures de Tintin Tome 20"},"content":{"rendered":"<p>Un avion de ligne \u00e0 bord duquel le jeune Chinois Tchang se rendait en Europe s&rsquo;est \u00e9cras\u00e9 dans l&rsquo;Himalaya. Tintin au Tibet (1960), pure histoire d&rsquo;amiti\u00e9, sans le moindre m\u00e9chant, d\u00e9crit la recherche d\u00e9sesp\u00e9r\u00e9e \u00e0 laquelle Tintin se livre pour retrouver son ami. Ce r\u00e9cit path\u00e9tique, qui rompt avec le ton extraverti des \u00e9pisodes pr\u00e9c\u00e9dents, d\u00e9montre que la fid\u00e9lit\u00e9 et l&rsquo;espoir sont capables de vaincre tous les obstacles, et que les pr\u00e9jug\u00e9s &#8211; en l&rsquo;occurrence, \u00e0 l&rsquo;\u00e9gard de \u00ab\u00a0l&rsquo;abominable homme des neiges\u00a0\u00bb &#8211; sont bien souvent le fruit de l&rsquo;ignorance.<\/p>\n","protected":false},"excerpt":{"rendered":"<p>Un avion de ligne \u00e0 bord duquel le jeune Chinois Tchang se rendait en Europe s&rsquo;est \u00e9cras\u00e9 dans l&rsquo;Himalaya. Tintin au Tibet (1960), pure histoire d&rsquo;amiti\u00e9, sans le moindre m\u00e9chant, d\u00e9crit la recherche d\u00e9sesp\u00e9r\u00e9e \u00e0 laquelle Tintin se livre pour retrouver son ami.<\/p>\n","protected":false},"featured_media":11455,"comment_status":"open","ping_status":"closed","template":"","meta":{"inline_featured_image":false},"product_cat":[3936,206],"product_tag":[],"class_list":{"0":"post-11453","1":"product","2":"type-product","3":"status-publish","4":"has-post-thumbnail","6":"product_cat-tintin","7":"product_cat-enfant-adolescente-francais-enfant-adolescente","9":"first","10":"instock","11":"shipping-taxable","12":"purchasable","13":"product-type-simple"},"_links":{"self":[{"href":"https:\/\/baralivres.ma\/index.php?rest_route=\/wp\/v2\/product\/11453","targetHints":{"allow":["GET"]}}],"collection":[{"href":"https:\/\/baralivres.ma\/index.php?rest_route=\/wp\/v2\/product"}],"about":[{"href":"https:\/\/baralivres.ma\/index.php?rest_route=\/wp\/v2\/types\/product"}],"replies":[{"embeddable":true,"href":"https:\/\/baralivres.ma\/index.php?rest_route=%2Fwp%2Fv2%2Fcomments&post=11453"}],"version-history":[{"count":1,"href":"https:\/\/baralivres.ma\/index.php?rest_route=\/wp\/v2\/product\/11453\/revisions"}],"predecessor-version":[{"id":11456,"href":"https:\/\/baralivres.ma\/index.php?rest_route=\/wp\/v2\/product\/11453\/revisions\/11456"}],"wp:featuredmedia":[{"embeddable":true,"href":"https:\/\/baralivres.ma\/index.php?rest_route=\/wp\/v2\/media\/11455"}],"wp:attachment":[{"href":"https:\/\/baralivres.ma\/index.php?rest_route=%2Fwp%2Fv2%2Fmedia&parent=11453"}],"wp:term":[{"taxonomy":"product_cat","embeddable":true,"href":"https:\/\/baralivres.ma\/index.php?rest_route=%2Fwp%2Fv2%2Fproduct_cat&post=11453"},{"taxonomy":"product_tag","embeddable":true,"href":"https:\/\/baralivres.ma\/index.php?rest_route=%2Fwp%2Fv2%2Fproduct_tag&post=11453"}],"curies":[{"name":"wp","href":"https:\/\/api.w.org\/{rel}","templated":true}]}}