{"id":11405,"date":"2023-08-30T17:46:07","date_gmt":"2023-08-30T16:46:07","guid":{"rendered":"https:\/\/baralivres.ma\/?post_type=product&#038;p=11405"},"modified":"2024-11-04T17:07:15","modified_gmt":"2024-11-04T16:07:15","slug":"les-aventures-de-tintin-tome-12","status":"publish","type":"product","link":"https:\/\/baralivres.ma\/?product=les-aventures-de-tintin-tome-12","title":{"rendered":"Les Aventures de Tintin Tome 12"},"content":{"rendered":"<p>Cet album constitue la suite de l&rsquo;aventure commenc\u00e9e dans Le secret de la Licorne. Tintin et Haddock, accompagn\u00e9s des Dupondt et du professeur Tournesol, inventeur d&rsquo;un sous-marin r\u00e9volutionnaire, partent \u00e0 la recherche du tr\u00e9sor du chevalier de Hadoque. Apr\u00e8s avoir explor\u00e9 une \u00eele et l&rsquo;\u00e9pave du bateau du chevalier, nos h\u00e9ros ne d\u00e9couvriront aucun tr\u00e9sor mais d&rsquo;\u00e9tranges parchemins qui, \u00e9tudi\u00e9s par Tournesol, r\u00e9v\u00e8leront enfin la cl\u00e9 du myst\u00e8re.<\/p>\n","protected":false},"excerpt":{"rendered":"<p>Cet album constitue la suite de l&rsquo;aventure commenc\u00e9e dans Le secret de la Licorne.<\/p>\n","protected":false},"featured_media":11406,"comment_status":"open","ping_status":"closed","template":"","meta":{"inline_featured_image":false},"product_cat":[3936,206],"product_tag":[],"class_list":{"0":"post-11405","1":"product","2":"type-product","3":"status-publish","4":"has-post-thumbnail","6":"product_cat-tintin","7":"product_cat-enfant-adolescente-francais-enfant-adolescente","9":"first","10":"instock","11":"shipping-taxable","12":"purchasable","13":"product-type-simple"},"_links":{"self":[{"href":"https:\/\/baralivres.ma\/index.php?rest_route=\/wp\/v2\/product\/11405","targetHints":{"allow":["GET"]}}],"collection":[{"href":"https:\/\/baralivres.ma\/index.php?rest_route=\/wp\/v2\/product"}],"about":[{"href":"https:\/\/baralivres.ma\/index.php?rest_route=\/wp\/v2\/types\/product"}],"replies":[{"embeddable":true,"href":"https:\/\/baralivres.ma\/index.php?rest_route=%2Fwp%2Fv2%2Fcomments&post=11405"}],"version-history":[{"count":2,"href":"https:\/\/baralivres.ma\/index.php?rest_route=\/wp\/v2\/product\/11405\/revisions"}],"predecessor-version":[{"id":11408,"href":"https:\/\/baralivres.ma\/index.php?rest_route=\/wp\/v2\/product\/11405\/revisions\/11408"}],"wp:featuredmedia":[{"embeddable":true,"href":"https:\/\/baralivres.ma\/index.php?rest_route=\/wp\/v2\/media\/11406"}],"wp:attachment":[{"href":"https:\/\/baralivres.ma\/index.php?rest_route=%2Fwp%2Fv2%2Fmedia&parent=11405"}],"wp:term":[{"taxonomy":"product_cat","embeddable":true,"href":"https:\/\/baralivres.ma\/index.php?rest_route=%2Fwp%2Fv2%2Fproduct_cat&post=11405"},{"taxonomy":"product_tag","embeddable":true,"href":"https:\/\/baralivres.ma\/index.php?rest_route=%2Fwp%2Fv2%2Fproduct_tag&post=11405"}],"curies":[{"name":"wp","href":"https:\/\/api.w.org\/{rel}","templated":true}]}}