{"id":11392,"date":"2023-08-30T17:32:12","date_gmt":"2023-08-30T16:32:12","guid":{"rendered":"https:\/\/baralivres.ma\/?post_type=product&#038;p=11392"},"modified":"2024-11-18T15:09:45","modified_gmt":"2024-11-18T14:09:45","slug":"les-aventures-de-tintin-tome-17","status":"publish","type":"product","link":"https:\/\/baralivres.ma\/?product=les-aventures-de-tintin-tome-17","title":{"rendered":"Les Aventures de Tintin Tome 17"},"content":{"rendered":"<p>Suite d&rsquo;Objectif Lune, nous retrouvons dans cet album nos h\u00e9ros \u00e0 bord de la premi\u00e8re fus\u00e9e lunaire. Mais le vol est loin d&rsquo;\u00eatre de tout repos : outre la pr\u00e9sence involontaire des Dupondt (ce qui limite s\u00e9rieusement les r\u00e9serves d&rsquo;oxyg\u00e8ne), des saboteurs sont \u00e9galement \u00e0 bord. La fus\u00e9e sera-t-elle de retour sur Terre \u00e0 temps ?<\/p>\n","protected":false},"excerpt":{"rendered":"<p>Suite d&rsquo;Objectif Lune, nous retrouvons dans cet album nos h\u00e9ros \u00e0 bord de la premi\u00e8re fus\u00e9e lunaire.<\/p>\n","protected":false},"featured_media":11393,"comment_status":"open","ping_status":"closed","template":"","meta":{"inline_featured_image":false},"product_cat":[3936,206],"product_tag":[],"class_list":{"0":"post-11392","1":"product","2":"type-product","3":"status-publish","4":"has-post-thumbnail","6":"product_cat-tintin","7":"product_cat-enfant-adolescente-francais-enfant-adolescente","9":"first","10":"instock","11":"shipping-taxable","12":"purchasable","13":"product-type-simple"},"_links":{"self":[{"href":"https:\/\/baralivres.ma\/index.php?rest_route=\/wp\/v2\/product\/11392","targetHints":{"allow":["GET"]}}],"collection":[{"href":"https:\/\/baralivres.ma\/index.php?rest_route=\/wp\/v2\/product"}],"about":[{"href":"https:\/\/baralivres.ma\/index.php?rest_route=\/wp\/v2\/types\/product"}],"replies":[{"embeddable":true,"href":"https:\/\/baralivres.ma\/index.php?rest_route=%2Fwp%2Fv2%2Fcomments&post=11392"}],"version-history":[{"count":1,"href":"https:\/\/baralivres.ma\/index.php?rest_route=\/wp\/v2\/product\/11392\/revisions"}],"predecessor-version":[{"id":11394,"href":"https:\/\/baralivres.ma\/index.php?rest_route=\/wp\/v2\/product\/11392\/revisions\/11394"}],"wp:featuredmedia":[{"embeddable":true,"href":"https:\/\/baralivres.ma\/index.php?rest_route=\/wp\/v2\/media\/11393"}],"wp:attachment":[{"href":"https:\/\/baralivres.ma\/index.php?rest_route=%2Fwp%2Fv2%2Fmedia&parent=11392"}],"wp:term":[{"taxonomy":"product_cat","embeddable":true,"href":"https:\/\/baralivres.ma\/index.php?rest_route=%2Fwp%2Fv2%2Fproduct_cat&post=11392"},{"taxonomy":"product_tag","embeddable":true,"href":"https:\/\/baralivres.ma\/index.php?rest_route=%2Fwp%2Fv2%2Fproduct_tag&post=11392"}],"curies":[{"name":"wp","href":"https:\/\/api.w.org\/{rel}","templated":true}]}}