{"id":11359,"date":"2023-08-30T14:42:42","date_gmt":"2023-08-30T13:42:42","guid":{"rendered":"https:\/\/baralivres.ma\/?post_type=product&#038;p=11359"},"modified":"2024-11-07T13:50:42","modified_gmt":"2024-11-07T12:50:42","slug":"bravo-poli","status":"publish","type":"product","link":"https:\/\/baralivres.ma\/?product=bravo-poli","title":{"rendered":"Bravo Poli !"},"content":{"rendered":"<p>En voulant \u00e0 tout prix r\u00e9cup\u00e9rer un colis \u00e9gar\u00e9, Posti se retrouve dans une situation bien p\u00e9rilleuse&#8230; Heureusement, l&rsquo;\u00e9quipe de secours est l\u00e0 !<\/p>\n","protected":false},"excerpt":{"rendered":"<p>En voulant \u00e0 tout prix r\u00e9cup\u00e9rer un colis \u00e9gar\u00e9, Posti se retrouve dans une situation bien p\u00e9rilleuse&#8230; Heureusement, l&rsquo;\u00e9quipe de secours est l\u00e0 !<\/p>\n","protected":false},"featured_media":11361,"comment_status":"open","ping_status":"closed","template":"","meta":{"inline_featured_image":false},"product_cat":[3877,199],"product_tag":[],"class_list":{"0":"post-11359","1":"product","2":"type-product","3":"status-publish","4":"has-post-thumbnail","6":"product_cat-les-histoires-francais","7":"product_cat-histoires","9":"first","10":"instock","11":"shipping-taxable","12":"purchasable","13":"product-type-simple"},"_links":{"self":[{"href":"https:\/\/baralivres.ma\/index.php?rest_route=\/wp\/v2\/product\/11359","targetHints":{"allow":["GET"]}}],"collection":[{"href":"https:\/\/baralivres.ma\/index.php?rest_route=\/wp\/v2\/product"}],"about":[{"href":"https:\/\/baralivres.ma\/index.php?rest_route=\/wp\/v2\/types\/product"}],"replies":[{"embeddable":true,"href":"https:\/\/baralivres.ma\/index.php?rest_route=%2Fwp%2Fv2%2Fcomments&post=11359"}],"version-history":[{"count":1,"href":"https:\/\/baralivres.ma\/index.php?rest_route=\/wp\/v2\/product\/11359\/revisions"}],"predecessor-version":[{"id":11362,"href":"https:\/\/baralivres.ma\/index.php?rest_route=\/wp\/v2\/product\/11359\/revisions\/11362"}],"wp:featuredmedia":[{"embeddable":true,"href":"https:\/\/baralivres.ma\/index.php?rest_route=\/wp\/v2\/media\/11361"}],"wp:attachment":[{"href":"https:\/\/baralivres.ma\/index.php?rest_route=%2Fwp%2Fv2%2Fmedia&parent=11359"}],"wp:term":[{"taxonomy":"product_cat","embeddable":true,"href":"https:\/\/baralivres.ma\/index.php?rest_route=%2Fwp%2Fv2%2Fproduct_cat&post=11359"},{"taxonomy":"product_tag","embeddable":true,"href":"https:\/\/baralivres.ma\/index.php?rest_route=%2Fwp%2Fv2%2Fproduct_tag&post=11359"}],"curies":[{"name":"wp","href":"https:\/\/api.w.org\/{rel}","templated":true}]}}