{"id":11356,"date":"2023-08-30T14:41:21","date_gmt":"2023-08-30T13:41:21","guid":{"rendered":"https:\/\/baralivres.ma\/?post_type=product&#038;p=11356"},"modified":"2024-11-07T13:51:06","modified_gmt":"2024-11-07T12:51:06","slug":"le-cadeau-de-totobus","status":"publish","type":"product","link":"https:\/\/baralivres.ma\/?product=le-cadeau-de-totobus","title":{"rendered":"Le cadeau de Totobus"},"content":{"rendered":"<p>Aujourd&rsquo;hui, les enfants de Vroomville font leur entr\u00e9e \u00e0 l&rsquo;\u00e9cole primaire ! Pour c\u00e9l\u00e9brer ce jour, Totobus demande \u00e0 l&rsquo;\u00e9quipe de secours de l&rsquo;aider \u00e0 leur pr\u00e9parer une belle surprise..<\/p>\n","protected":false},"excerpt":{"rendered":"<p>Aujourd&rsquo;hui, les enfants de Vroomville font leur entr\u00e9e \u00e0 l&rsquo;\u00e9cole primaire ! Pour c\u00e9l\u00e9brer ce jour, Totobus demande \u00e0 l&rsquo;\u00e9quipe de secours de l&rsquo;aider \u00e0 leur pr\u00e9parer une belle surprise..<\/p>\n","protected":false},"featured_media":11357,"comment_status":"open","ping_status":"closed","template":"","meta":{"inline_featured_image":false},"product_cat":[3877,199],"product_tag":[],"class_list":{"0":"post-11356","1":"product","2":"type-product","3":"status-publish","4":"has-post-thumbnail","6":"product_cat-les-histoires-francais","7":"product_cat-histoires","9":"first","10":"instock","11":"shipping-taxable","12":"purchasable","13":"product-type-simple"},"_links":{"self":[{"href":"https:\/\/baralivres.ma\/index.php?rest_route=\/wp\/v2\/product\/11356","targetHints":{"allow":["GET"]}}],"collection":[{"href":"https:\/\/baralivres.ma\/index.php?rest_route=\/wp\/v2\/product"}],"about":[{"href":"https:\/\/baralivres.ma\/index.php?rest_route=\/wp\/v2\/types\/product"}],"replies":[{"embeddable":true,"href":"https:\/\/baralivres.ma\/index.php?rest_route=%2Fwp%2Fv2%2Fcomments&post=11356"}],"version-history":[{"count":1,"href":"https:\/\/baralivres.ma\/index.php?rest_route=\/wp\/v2\/product\/11356\/revisions"}],"predecessor-version":[{"id":11358,"href":"https:\/\/baralivres.ma\/index.php?rest_route=\/wp\/v2\/product\/11356\/revisions\/11358"}],"wp:featuredmedia":[{"embeddable":true,"href":"https:\/\/baralivres.ma\/index.php?rest_route=\/wp\/v2\/media\/11357"}],"wp:attachment":[{"href":"https:\/\/baralivres.ma\/index.php?rest_route=%2Fwp%2Fv2%2Fmedia&parent=11356"}],"wp:term":[{"taxonomy":"product_cat","embeddable":true,"href":"https:\/\/baralivres.ma\/index.php?rest_route=%2Fwp%2Fv2%2Fproduct_cat&post=11356"},{"taxonomy":"product_tag","embeddable":true,"href":"https:\/\/baralivres.ma\/index.php?rest_route=%2Fwp%2Fv2%2Fproduct_tag&post=11356"}],"curies":[{"name":"wp","href":"https:\/\/api.w.org\/{rel}","templated":true}]}}