{"id":11346,"date":"2023-08-30T14:33:18","date_gmt":"2023-08-30T13:33:18","guid":{"rendered":"https:\/\/baralivres.ma\/?post_type=product&#038;p=11346"},"modified":"2024-11-07T13:52:51","modified_gmt":"2024-11-07T12:52:51","slug":"la-belle-et-la-bete-6","status":"publish","type":"product","link":"https:\/\/baralivres.ma\/?product=la-belle-et-la-bete-6","title":{"rendered":"La Belle et la B\u00eate"},"content":{"rendered":"<p>Un petit livre d&rsquo;or pour red\u00e9couvrir la magie de Disney et la c\u00e9l\u00e8bre histoire de la Belle et la B\u00eate !<\/p>\n","protected":false},"excerpt":{"rendered":"<p>Un petit livre d&rsquo;or pour red\u00e9couvrir la magie de Disney et la c\u00e9l\u00e8bre histoire de la Belle et la B\u00eate !<\/p>\n","protected":false},"featured_media":11347,"comment_status":"open","ping_status":"closed","template":"","meta":{"inline_featured_image":false},"product_cat":[3877,199],"product_tag":[],"class_list":{"0":"post-11346","1":"product","2":"type-product","3":"status-publish","4":"has-post-thumbnail","6":"product_cat-les-histoires-francais","7":"product_cat-histoires","9":"first","10":"instock","11":"shipping-taxable","12":"purchasable","13":"product-type-simple"},"_links":{"self":[{"href":"https:\/\/baralivres.ma\/index.php?rest_route=\/wp\/v2\/product\/11346","targetHints":{"allow":["GET"]}}],"collection":[{"href":"https:\/\/baralivres.ma\/index.php?rest_route=\/wp\/v2\/product"}],"about":[{"href":"https:\/\/baralivres.ma\/index.php?rest_route=\/wp\/v2\/types\/product"}],"replies":[{"embeddable":true,"href":"https:\/\/baralivres.ma\/index.php?rest_route=%2Fwp%2Fv2%2Fcomments&post=11346"}],"version-history":[{"count":1,"href":"https:\/\/baralivres.ma\/index.php?rest_route=\/wp\/v2\/product\/11346\/revisions"}],"predecessor-version":[{"id":11348,"href":"https:\/\/baralivres.ma\/index.php?rest_route=\/wp\/v2\/product\/11346\/revisions\/11348"}],"wp:featuredmedia":[{"embeddable":true,"href":"https:\/\/baralivres.ma\/index.php?rest_route=\/wp\/v2\/media\/11347"}],"wp:attachment":[{"href":"https:\/\/baralivres.ma\/index.php?rest_route=%2Fwp%2Fv2%2Fmedia&parent=11346"}],"wp:term":[{"taxonomy":"product_cat","embeddable":true,"href":"https:\/\/baralivres.ma\/index.php?rest_route=%2Fwp%2Fv2%2Fproduct_cat&post=11346"},{"taxonomy":"product_tag","embeddable":true,"href":"https:\/\/baralivres.ma\/index.php?rest_route=%2Fwp%2Fv2%2Fproduct_tag&post=11346"}],"curies":[{"name":"wp","href":"https:\/\/api.w.org\/{rel}","templated":true}]}}