{"id":11260,"date":"2023-08-30T13:52:35","date_gmt":"2023-08-30T12:52:35","guid":{"rendered":"https:\/\/baralivres.ma\/?post_type=product&#038;p=11260"},"modified":"2024-10-29T14:28:37","modified_gmt":"2024-10-29T13:28:37","slug":"les-animaux-de-la-ferme","status":"publish","type":"product","link":"https:\/\/baralivres.ma\/?product=les-animaux-de-la-ferme","title":{"rendered":"Les animaux de la ferme"},"content":{"rendered":"<p>Gr\u00e2ce \u00e0 ce volume de la petite encyclop\u00e9die, les plus jeunes apprendront \u00e0 mieux conna\u00eetre les animaux \u00e0 plumes et \u00e0 poils qui grandissent \u00e0 la ferme, ce qu&rsquo;ils mangent et les lieux o\u00f9 ils vivent. Ainsi, ils enrichiront leurs premi\u00e8res connaissances du monde qui les entoure. La magie des pages transparentes ; Une imagerie abondante \u00e0 reconna\u00eetre et \u00e0 nommer ; Des grandes images \u00e9vocatrices et pleines de d\u00e9tails.<\/p>\n","protected":false},"excerpt":{"rendered":"<p>Gr\u00e2ce \u00e0 ce volume de la petite encyclop\u00e9die, les plus jeunes apprendront \u00e0 mieux conna\u00eetre les animaux \u00e0 plumes et \u00e0 poils qui grandissent \u00e0 la ferme, ce qu&rsquo;ils mangent et les lieux o\u00f9 ils vivent&#8230;<\/p>\n","protected":false},"featured_media":11261,"comment_status":"open","ping_status":"closed","template":"","meta":{"inline_featured_image":false},"product_cat":[3898,3706,202],"product_tag":[],"class_list":{"0":"post-11260","1":"product","2":"type-product","3":"status-publish","4":"has-post-thumbnail","6":"product_cat-encyclopedie_francais","7":"product_cat-encyclopedie-2","8":"product_cat-la-petite-encyclopedie","10":"first","11":"instock","12":"shipping-taxable","13":"purchasable","14":"product-type-simple"},"_links":{"self":[{"href":"https:\/\/baralivres.ma\/index.php?rest_route=\/wp\/v2\/product\/11260","targetHints":{"allow":["GET"]}}],"collection":[{"href":"https:\/\/baralivres.ma\/index.php?rest_route=\/wp\/v2\/product"}],"about":[{"href":"https:\/\/baralivres.ma\/index.php?rest_route=\/wp\/v2\/types\/product"}],"replies":[{"embeddable":true,"href":"https:\/\/baralivres.ma\/index.php?rest_route=%2Fwp%2Fv2%2Fcomments&post=11260"}],"version-history":[{"count":1,"href":"https:\/\/baralivres.ma\/index.php?rest_route=\/wp\/v2\/product\/11260\/revisions"}],"predecessor-version":[{"id":11262,"href":"https:\/\/baralivres.ma\/index.php?rest_route=\/wp\/v2\/product\/11260\/revisions\/11262"}],"wp:featuredmedia":[{"embeddable":true,"href":"https:\/\/baralivres.ma\/index.php?rest_route=\/wp\/v2\/media\/11261"}],"wp:attachment":[{"href":"https:\/\/baralivres.ma\/index.php?rest_route=%2Fwp%2Fv2%2Fmedia&parent=11260"}],"wp:term":[{"taxonomy":"product_cat","embeddable":true,"href":"https:\/\/baralivres.ma\/index.php?rest_route=%2Fwp%2Fv2%2Fproduct_cat&post=11260"},{"taxonomy":"product_tag","embeddable":true,"href":"https:\/\/baralivres.ma\/index.php?rest_route=%2Fwp%2Fv2%2Fproduct_tag&post=11260"}],"curies":[{"name":"wp","href":"https:\/\/api.w.org\/{rel}","templated":true}]}}