{"id":11253,"date":"2023-08-30T13:44:15","date_gmt":"2023-08-30T12:44:15","guid":{"rendered":"https:\/\/baralivres.ma\/?post_type=product&#038;p=11253"},"modified":"2024-11-18T15:35:39","modified_gmt":"2024-11-18T14:35:39","slug":"mes-plus-belles-histoires-disney-animaux","status":"publish","type":"product","link":"https:\/\/baralivres.ma\/?product=mes-plus-belles-histoires-disney-animaux","title":{"rendered":"Mes plus belles Histoires Disney Animaux"},"content":{"rendered":"<p>Toutes les histoires pour retrouver la magie des films Disney. Accompagne Simba, Pongo, Dumbo, Bambi, Baloo et tous tes animaux pr\u00e9f\u00e9r\u00e9s dans les plus grands classiques Disney !<\/p>\n","protected":false},"excerpt":{"rendered":"<p>Toutes les histoires pour retrouver la magie des films Disney. Accompagne Simba, Pongo, Dumbo, Bambi, Baloo et tous tes animaux pr\u00e9f\u00e9r\u00e9s dans les plus grands classiques Disney !<\/p>\n","protected":false},"featured_media":11254,"comment_status":"open","ping_status":"closed","template":"","meta":{"inline_featured_image":false},"product_cat":[3877,199],"product_tag":[],"class_list":{"0":"post-11253","1":"product","2":"type-product","3":"status-publish","4":"has-post-thumbnail","6":"product_cat-les-histoires-francais","7":"product_cat-histoires","9":"first","10":"instock","11":"shipping-taxable","12":"purchasable","13":"product-type-simple"},"_links":{"self":[{"href":"https:\/\/baralivres.ma\/index.php?rest_route=\/wp\/v2\/product\/11253","targetHints":{"allow":["GET"]}}],"collection":[{"href":"https:\/\/baralivres.ma\/index.php?rest_route=\/wp\/v2\/product"}],"about":[{"href":"https:\/\/baralivres.ma\/index.php?rest_route=\/wp\/v2\/types\/product"}],"replies":[{"embeddable":true,"href":"https:\/\/baralivres.ma\/index.php?rest_route=%2Fwp%2Fv2%2Fcomments&post=11253"}],"version-history":[{"count":1,"href":"https:\/\/baralivres.ma\/index.php?rest_route=\/wp\/v2\/product\/11253\/revisions"}],"predecessor-version":[{"id":11255,"href":"https:\/\/baralivres.ma\/index.php?rest_route=\/wp\/v2\/product\/11253\/revisions\/11255"}],"wp:featuredmedia":[{"embeddable":true,"href":"https:\/\/baralivres.ma\/index.php?rest_route=\/wp\/v2\/media\/11254"}],"wp:attachment":[{"href":"https:\/\/baralivres.ma\/index.php?rest_route=%2Fwp%2Fv2%2Fmedia&parent=11253"}],"wp:term":[{"taxonomy":"product_cat","embeddable":true,"href":"https:\/\/baralivres.ma\/index.php?rest_route=%2Fwp%2Fv2%2Fproduct_cat&post=11253"},{"taxonomy":"product_tag","embeddable":true,"href":"https:\/\/baralivres.ma\/index.php?rest_route=%2Fwp%2Fv2%2Fproduct_tag&post=11253"}],"curies":[{"name":"wp","href":"https:\/\/api.w.org\/{rel}","templated":true}]}}