{"id":11181,"date":"2023-08-30T12:41:13","date_gmt":"2023-08-30T11:41:13","guid":{"rendered":"https:\/\/baralivres.ma\/?post_type=product&#038;p=11181"},"modified":"2024-11-05T14:01:01","modified_gmt":"2024-11-05T13:01:01","slug":"mini-loup","status":"publish","type":"product","link":"https:\/\/baralivres.ma\/?product=mini-loup","title":{"rendered":"Mini-Loup"},"content":{"rendered":"<p>Mini-Loup, le petit loup rigolo, a encore pleins de choses \u00e0 vous raconter. A l&rsquo;int\u00e9rieur de ce livre, 4 histoires de Mini-Loup \u00e0 lire&#8230;et \u00e0 \u00e9couter sur un CD audio ! Mini-Loup et la dent de lait ; Mini-Loup chez Papi et Mamie-loup ; Mini-Loup \u00e0 l&rsquo;\u00e9cole ; L&rsquo;anniversaire de Mini-Loup. Un cadeau id\u00e9al pour commencer ou compl\u00e9ter sa collection.<\/p>\n","protected":false},"excerpt":{"rendered":"<h5 class=\"product-subtitle\">Les plus belles histoires de Mini-Loup \u00e0 lire et \u00e0 \u00e9couter ! &#8211; Tome 2<\/h5>\n<h5>avec 1 CD audio<\/h5>\n","protected":false},"featured_media":11182,"comment_status":"open","ping_status":"closed","template":"","meta":{"inline_featured_image":false},"product_cat":[3877,199],"product_tag":[],"class_list":{"0":"post-11181","1":"product","2":"type-product","3":"status-publish","4":"has-post-thumbnail","6":"product_cat-les-histoires-francais","7":"product_cat-histoires","9":"first","10":"instock","11":"shipping-taxable","12":"purchasable","13":"product-type-simple"},"_links":{"self":[{"href":"https:\/\/baralivres.ma\/index.php?rest_route=\/wp\/v2\/product\/11181","targetHints":{"allow":["GET"]}}],"collection":[{"href":"https:\/\/baralivres.ma\/index.php?rest_route=\/wp\/v2\/product"}],"about":[{"href":"https:\/\/baralivres.ma\/index.php?rest_route=\/wp\/v2\/types\/product"}],"replies":[{"embeddable":true,"href":"https:\/\/baralivres.ma\/index.php?rest_route=%2Fwp%2Fv2%2Fcomments&post=11181"}],"version-history":[{"count":1,"href":"https:\/\/baralivres.ma\/index.php?rest_route=\/wp\/v2\/product\/11181\/revisions"}],"predecessor-version":[{"id":11183,"href":"https:\/\/baralivres.ma\/index.php?rest_route=\/wp\/v2\/product\/11181\/revisions\/11183"}],"wp:featuredmedia":[{"embeddable":true,"href":"https:\/\/baralivres.ma\/index.php?rest_route=\/wp\/v2\/media\/11182"}],"wp:attachment":[{"href":"https:\/\/baralivres.ma\/index.php?rest_route=%2Fwp%2Fv2%2Fmedia&parent=11181"}],"wp:term":[{"taxonomy":"product_cat","embeddable":true,"href":"https:\/\/baralivres.ma\/index.php?rest_route=%2Fwp%2Fv2%2Fproduct_cat&post=11181"},{"taxonomy":"product_tag","embeddable":true,"href":"https:\/\/baralivres.ma\/index.php?rest_route=%2Fwp%2Fv2%2Fproduct_tag&post=11181"}],"curies":[{"name":"wp","href":"https:\/\/api.w.org\/{rel}","templated":true}]}}