{"id":11169,"date":"2023-08-29T17:11:42","date_gmt":"2023-08-29T16:11:42","guid":{"rendered":"https:\/\/baralivres.ma\/?post_type=product&#038;p=11169"},"modified":"2024-11-18T16:19:56","modified_gmt":"2024-11-18T15:19:56","slug":"la-petite-princesse","status":"publish","type":"product","link":"https:\/\/baralivres.ma\/?product=la-petite-princesse","title":{"rendered":"La petite princesse"},"content":{"rendered":"<p>\u00a0\u00bb Je ne veux pas aller au lit ! \u00ab\u00a0. \u00a0\u00bb Je veux ma maman ! \u00ab\u00a0. \u00a0\u00bb Je veux ma t\u00e9tine ! \u00ab\u00a0. \u00a0\u00bb Je veux manger ! \u00ab\u00a0. \u00a0\u00bb Je veux une petite soeur ! \u00ab\u00a0. \u00a0\u00bb Je veux grandir ! \u00ab\u00a0&#8230;14 histoires hilarantes et 6 jeux : l&rsquo;intrus, les cinq erreurs, le jeu des ressemblances, etc.La plus c\u00e9l\u00e8bre et la plus espi\u00e8gle des petites princesses partage les aventures quotidiennes et les petits soucis de tous les enfants.<\/p>\n","protected":false},"excerpt":{"rendered":"<p>\u00a0\u00bb Je ne veux pas aller au lit ! \u00ab\u00a0. \u00a0\u00bb Je veux ma maman ! \u00ab\u00a0. \u00a0\u00bb Je veux ma t\u00e9tine ! \u00ab\u00a0. \u00a0\u00bb Je veux manger ! \u00ab\u00a0. \u00a0\u00bb Je veux une petite soeur ! \u00ab\u00a0. \u00a0\u00bb Je veux grandir ! \u00ab\u00a0&#8230;14 histoires hilarantes et 6 jeux&#8230;<\/p>\n","protected":false},"featured_media":11171,"comment_status":"open","ping_status":"closed","template":"","meta":{"inline_featured_image":false},"product_cat":[3877,199],"product_tag":[],"class_list":{"0":"post-11169","1":"product","2":"type-product","3":"status-publish","4":"has-post-thumbnail","6":"product_cat-les-histoires-francais","7":"product_cat-histoires","9":"first","10":"instock","11":"shipping-taxable","12":"purchasable","13":"product-type-simple"},"_links":{"self":[{"href":"https:\/\/baralivres.ma\/index.php?rest_route=\/wp\/v2\/product\/11169","targetHints":{"allow":["GET"]}}],"collection":[{"href":"https:\/\/baralivres.ma\/index.php?rest_route=\/wp\/v2\/product"}],"about":[{"href":"https:\/\/baralivres.ma\/index.php?rest_route=\/wp\/v2\/types\/product"}],"replies":[{"embeddable":true,"href":"https:\/\/baralivres.ma\/index.php?rest_route=%2Fwp%2Fv2%2Fcomments&post=11169"}],"version-history":[{"count":1,"href":"https:\/\/baralivres.ma\/index.php?rest_route=\/wp\/v2\/product\/11169\/revisions"}],"predecessor-version":[{"id":11172,"href":"https:\/\/baralivres.ma\/index.php?rest_route=\/wp\/v2\/product\/11169\/revisions\/11172"}],"wp:featuredmedia":[{"embeddable":true,"href":"https:\/\/baralivres.ma\/index.php?rest_route=\/wp\/v2\/media\/11171"}],"wp:attachment":[{"href":"https:\/\/baralivres.ma\/index.php?rest_route=%2Fwp%2Fv2%2Fmedia&parent=11169"}],"wp:term":[{"taxonomy":"product_cat","embeddable":true,"href":"https:\/\/baralivres.ma\/index.php?rest_route=%2Fwp%2Fv2%2Fproduct_cat&post=11169"},{"taxonomy":"product_tag","embeddable":true,"href":"https:\/\/baralivres.ma\/index.php?rest_route=%2Fwp%2Fv2%2Fproduct_tag&post=11169"}],"curies":[{"name":"wp","href":"https:\/\/api.w.org\/{rel}","templated":true}]}}