{"id":11156,"date":"2023-08-29T16:32:07","date_gmt":"2023-08-29T15:32:07","guid":{"rendered":"https:\/\/baralivres.ma\/?post_type=product&#038;p=11156"},"modified":"2024-11-18T16:21:00","modified_gmt":"2024-11-18T15:21:00","slug":"les-15-plus-belles-histoires-pour-les-petits-garcons","status":"publish","type":"product","link":"https:\/\/baralivres.ma\/?product=les-15-plus-belles-histoires-pour-les-petits-garcons","title":{"rendered":"Les 15 plus belles histoires pour les petits gar\u00e7ons"},"content":{"rendered":"<div id=\"description\" class=\"sc-18lywku-10 iRHvZj\">\n<div id=\"description\" class=\"sc-18lywku-10 iRHvZj\">\n<p class=\"sc-18lywku-9 dqahhr\">L&rsquo;\u00e2ne Trotro est amoureux, B. Guettier. Une nuit au chantier, K. Banks et G. Hallensleben. B\u00e9b\u00e9 Monstre, J. Willis et S. Varley. Georges fait du v\u00e9lo, M. et H.A. Rey. Les Bizardos r\u00eavent de dinosaures, A. Ahlberg. Le Roi Hardi ! Hardi !, A. Sanders. L&rsquo;ami vert cerf du prince de Motordu, Pef. Adrien qui ne fait rien, T. Ross. Gipsy et Alexis, E. Chichester Clark. Les cacato\u00e8s, Q. Blake. Jeannot Lapin, B. Potter. Samson le H\u00e9risson, A. Krings. But !, C. McNaughton. Le petit soldat de plomb, H. C. Andersen et F. Marcellino. Timioche, J. Donaldson et A. Scheffler.<\/p>\n<\/div>\n<p class=\"sc-18lywku-9 dqahhr\">\n<\/div>\n<div id=\"reviews\" class=\"sc-18lywku-10 iRHvZj\">\n<h3 class=\"sc-18lywku-5 kjnTFf\"><\/h3>\n<\/div>\n","protected":false},"excerpt":{"rendered":"<p>L&rsquo;\u00e2ne Trotro est amoureux, B. Guettier. Une nuit au chantier, K. Banks et G. Hallensleben. B\u00e9b\u00e9 Monstre, J. Willis et S. Varley. Georges fait du v\u00e9lo, M. et H.A. Rey. Les Bizardos r\u00eavent de dinosaures, A. Ahlberg<\/p>\n","protected":false},"featured_media":11157,"comment_status":"open","ping_status":"closed","template":"","meta":{"inline_featured_image":false},"product_cat":[3877,199],"product_tag":[],"class_list":{"0":"post-11156","1":"product","2":"type-product","3":"status-publish","4":"has-post-thumbnail","6":"product_cat-les-histoires-francais","7":"product_cat-histoires","9":"first","10":"instock","11":"shipping-taxable","12":"purchasable","13":"product-type-simple"},"_links":{"self":[{"href":"https:\/\/baralivres.ma\/index.php?rest_route=\/wp\/v2\/product\/11156","targetHints":{"allow":["GET"]}}],"collection":[{"href":"https:\/\/baralivres.ma\/index.php?rest_route=\/wp\/v2\/product"}],"about":[{"href":"https:\/\/baralivres.ma\/index.php?rest_route=\/wp\/v2\/types\/product"}],"replies":[{"embeddable":true,"href":"https:\/\/baralivres.ma\/index.php?rest_route=%2Fwp%2Fv2%2Fcomments&post=11156"}],"version-history":[{"count":1,"href":"https:\/\/baralivres.ma\/index.php?rest_route=\/wp\/v2\/product\/11156\/revisions"}],"predecessor-version":[{"id":11158,"href":"https:\/\/baralivres.ma\/index.php?rest_route=\/wp\/v2\/product\/11156\/revisions\/11158"}],"wp:featuredmedia":[{"embeddable":true,"href":"https:\/\/baralivres.ma\/index.php?rest_route=\/wp\/v2\/media\/11157"}],"wp:attachment":[{"href":"https:\/\/baralivres.ma\/index.php?rest_route=%2Fwp%2Fv2%2Fmedia&parent=11156"}],"wp:term":[{"taxonomy":"product_cat","embeddable":true,"href":"https:\/\/baralivres.ma\/index.php?rest_route=%2Fwp%2Fv2%2Fproduct_cat&post=11156"},{"taxonomy":"product_tag","embeddable":true,"href":"https:\/\/baralivres.ma\/index.php?rest_route=%2Fwp%2Fv2%2Fproduct_tag&post=11156"}],"curies":[{"name":"wp","href":"https:\/\/api.w.org\/{rel}","templated":true}]}}