{"id":11131,"date":"2023-08-29T15:40:48","date_gmt":"2023-08-29T14:40:48","guid":{"rendered":"https:\/\/baralivres.ma\/?post_type=product&#038;p=11131"},"modified":"2024-11-18T15:17:37","modified_gmt":"2024-11-18T14:17:37","slug":"10-contes-de-fantomes","status":"publish","type":"product","link":"https:\/\/baralivres.ma\/?product=10-contes-de-fantomes","title":{"rendered":"10 contes de fant\u00f4mes"},"content":{"rendered":"<p>Vagabonds, les contes sont de grands voyageurs. Ils se prom\u00e8nent d&rsquo;un continent \u00e0 l&rsquo;autre, \u00e0 la mani\u00e8re des vents, toujours diff\u00e9rents. Pourtant, aux quatre coins du monde, les contes sont souvent peupl\u00e9s de revenants. Au Japon, la princesse qui avait \u00e9pous\u00e9 une t\u00eate coup\u00e9e, nous fait fr\u00e9mir. Mais dans le sud de la France, le spectre de la petite fille au bonnet blanc, nous attendrit. Finalement, pour ne plus craindre les fant\u00f4mes, il suffit de les apprivoiser&#8230;<\/p>\n","protected":false},"excerpt":{"rendered":"<p>Au Japon, la princesse qui avait \u00e9pous\u00e9 une t\u00eate coup\u00e9e, nous fait fr\u00e9mir. Mais dans le sud de la France, le spectre de la petite fille au bonnet blanc, nous attendrit. Finalement, pour ne plus craindre les fant\u00f4mes, il suffit de les apprivoiser&#8230;<\/p>\n","protected":false},"featured_media":11132,"comment_status":"open","ping_status":"closed","template":"","meta":{"inline_featured_image":false},"product_cat":[3877,199],"product_tag":[],"class_list":{"0":"post-11131","1":"product","2":"type-product","3":"status-publish","4":"has-post-thumbnail","6":"product_cat-les-histoires-francais","7":"product_cat-histoires","9":"first","10":"instock","11":"shipping-taxable","12":"purchasable","13":"product-type-simple"},"_links":{"self":[{"href":"https:\/\/baralivres.ma\/index.php?rest_route=\/wp\/v2\/product\/11131","targetHints":{"allow":["GET"]}}],"collection":[{"href":"https:\/\/baralivres.ma\/index.php?rest_route=\/wp\/v2\/product"}],"about":[{"href":"https:\/\/baralivres.ma\/index.php?rest_route=\/wp\/v2\/types\/product"}],"replies":[{"embeddable":true,"href":"https:\/\/baralivres.ma\/index.php?rest_route=%2Fwp%2Fv2%2Fcomments&post=11131"}],"version-history":[{"count":1,"href":"https:\/\/baralivres.ma\/index.php?rest_route=\/wp\/v2\/product\/11131\/revisions"}],"predecessor-version":[{"id":11133,"href":"https:\/\/baralivres.ma\/index.php?rest_route=\/wp\/v2\/product\/11131\/revisions\/11133"}],"wp:featuredmedia":[{"embeddable":true,"href":"https:\/\/baralivres.ma\/index.php?rest_route=\/wp\/v2\/media\/11132"}],"wp:attachment":[{"href":"https:\/\/baralivres.ma\/index.php?rest_route=%2Fwp%2Fv2%2Fmedia&parent=11131"}],"wp:term":[{"taxonomy":"product_cat","embeddable":true,"href":"https:\/\/baralivres.ma\/index.php?rest_route=%2Fwp%2Fv2%2Fproduct_cat&post=11131"},{"taxonomy":"product_tag","embeddable":true,"href":"https:\/\/baralivres.ma\/index.php?rest_route=%2Fwp%2Fv2%2Fproduct_tag&post=11131"}],"curies":[{"name":"wp","href":"https:\/\/api.w.org\/{rel}","templated":true}]}}