{"id":11102,"date":"2023-08-29T15:27:46","date_gmt":"2023-08-29T14:27:46","guid":{"rendered":"https:\/\/baralivres.ma\/?post_type=product&#038;p=11102"},"modified":"2024-11-18T15:20:46","modified_gmt":"2024-11-18T14:20:46","slug":"super-histoires-dheroines","status":"publish","type":"product","link":"https:\/\/baralivres.ma\/?product=super-histoires-dheroines","title":{"rendered":"Super histoires d&rsquo;h\u00e9ro\u00efnes"},"content":{"rendered":"<p>Rejoins les femmes les plus puissantes de l&rsquo;univers pour de formidables aventures ! Avec Captain Marvel, La Veuve Noire, Gamora ou encore La Gu\u00eape, Miss Marvel et Ecureuillette, d\u00e9couvre 6 histoires incroyables dans lesquelles les Super H\u00e9ro\u00efnes Marvel sauvent la plan\u00e8te&#8230; \u00a0\u00bb Girls run the world ! \u00ab\u00a0<\/p>\n","protected":false},"excerpt":{"rendered":"<p>Rejoins les femmes les plus puissantes de l&rsquo;univers pour de formidables aventures ! Avec Captain Marvel, La Veuve Noire, Gamora ou encore La Gu\u00eape, Miss Marvel et Ecureuillette, d\u00e9couvre 6 histoires incroyables dans lesquelles les Super H\u00e9ro\u00efnes Marvel sauvent la plan\u00e8te&#8230; \u00a0\u00bb Girls run the world ! \u00ab\u00a0<\/p>\n","protected":false},"featured_media":11103,"comment_status":"open","ping_status":"closed","template":"","meta":{"inline_featured_image":false},"product_cat":[3877,199],"product_tag":[],"class_list":{"0":"post-11102","1":"product","2":"type-product","3":"status-publish","4":"has-post-thumbnail","6":"product_cat-les-histoires-francais","7":"product_cat-histoires","9":"first","10":"instock","11":"shipping-taxable","12":"purchasable","13":"product-type-simple"},"_links":{"self":[{"href":"https:\/\/baralivres.ma\/index.php?rest_route=\/wp\/v2\/product\/11102","targetHints":{"allow":["GET"]}}],"collection":[{"href":"https:\/\/baralivres.ma\/index.php?rest_route=\/wp\/v2\/product"}],"about":[{"href":"https:\/\/baralivres.ma\/index.php?rest_route=\/wp\/v2\/types\/product"}],"replies":[{"embeddable":true,"href":"https:\/\/baralivres.ma\/index.php?rest_route=%2Fwp%2Fv2%2Fcomments&post=11102"}],"version-history":[{"count":1,"href":"https:\/\/baralivres.ma\/index.php?rest_route=\/wp\/v2\/product\/11102\/revisions"}],"predecessor-version":[{"id":11105,"href":"https:\/\/baralivres.ma\/index.php?rest_route=\/wp\/v2\/product\/11102\/revisions\/11105"}],"wp:featuredmedia":[{"embeddable":true,"href":"https:\/\/baralivres.ma\/index.php?rest_route=\/wp\/v2\/media\/11103"}],"wp:attachment":[{"href":"https:\/\/baralivres.ma\/index.php?rest_route=%2Fwp%2Fv2%2Fmedia&parent=11102"}],"wp:term":[{"taxonomy":"product_cat","embeddable":true,"href":"https:\/\/baralivres.ma\/index.php?rest_route=%2Fwp%2Fv2%2Fproduct_cat&post=11102"},{"taxonomy":"product_tag","embeddable":true,"href":"https:\/\/baralivres.ma\/index.php?rest_route=%2Fwp%2Fv2%2Fproduct_tag&post=11102"}],"curies":[{"name":"wp","href":"https:\/\/api.w.org\/{rel}","templated":true}]}}