{"id":11082,"date":"2023-08-29T15:22:34","date_gmt":"2023-08-29T14:22:34","guid":{"rendered":"https:\/\/baralivres.ma\/?post_type=product&#038;p=11082"},"modified":"2024-11-06T18:32:27","modified_gmt":"2024-11-06T17:32:27","slug":"star-wars-cahier-dactivites-avec-decalcomanies","status":"publish","type":"product","link":"https:\/\/baralivres.ma\/?product=star-wars-cahier-dactivites-avec-decalcomanies","title":{"rendered":"Star Wars &#8211; Cahier d&rsquo;activit\u00e9s avec d\u00e9calcomanies"},"content":{"rendered":"<p>La Force est puissante dans ce livre ! Cet extraordinaire cahier d&rsquo;activit\u00e9s Star Wars contient des \u00e9nigmes, des labyrinthes, des images \u00e0 dessiner et \u00e0 colorier, ainsi que des dizaines de d\u00e9calcomanies de tes personnages pr\u00e9f\u00e9r\u00e9s de cette galaxie lointaine, tr\u00e8s lointaine.<\/p>\n","protected":false},"excerpt":{"rendered":"<p>La Force est puissante dans ce livre ! Cet extraordinaire cahier d&rsquo;activit\u00e9s Star Wars contient des \u00e9nigmes, des labyrinthes, des images \u00e0 dessiner et \u00e0 colorier, ainsi que des dizaines de d\u00e9calcomanies de tes personnages pr\u00e9f\u00e9r\u00e9s de cette galaxie lointaine, tr\u00e8s lointaine.<\/p>\n","protected":false},"featured_media":11091,"comment_status":"open","ping_status":"closed","template":"","meta":{"inline_featured_image":false},"product_cat":[215,200],"product_tag":[],"class_list":{"0":"post-11082","1":"product","2":"type-product","3":"status-publish","4":"has-post-thumbnail","6":"product_cat-enfant","7":"product_cat-activites","9":"first","10":"instock","11":"shipping-taxable","12":"purchasable","13":"product-type-simple"},"_links":{"self":[{"href":"https:\/\/baralivres.ma\/index.php?rest_route=\/wp\/v2\/product\/11082","targetHints":{"allow":["GET"]}}],"collection":[{"href":"https:\/\/baralivres.ma\/index.php?rest_route=\/wp\/v2\/product"}],"about":[{"href":"https:\/\/baralivres.ma\/index.php?rest_route=\/wp\/v2\/types\/product"}],"replies":[{"embeddable":true,"href":"https:\/\/baralivres.ma\/index.php?rest_route=%2Fwp%2Fv2%2Fcomments&post=11082"}],"version-history":[{"count":1,"href":"https:\/\/baralivres.ma\/index.php?rest_route=\/wp\/v2\/product\/11082\/revisions"}],"predecessor-version":[{"id":11094,"href":"https:\/\/baralivres.ma\/index.php?rest_route=\/wp\/v2\/product\/11082\/revisions\/11094"}],"wp:featuredmedia":[{"embeddable":true,"href":"https:\/\/baralivres.ma\/index.php?rest_route=\/wp\/v2\/media\/11091"}],"wp:attachment":[{"href":"https:\/\/baralivres.ma\/index.php?rest_route=%2Fwp%2Fv2%2Fmedia&parent=11082"}],"wp:term":[{"taxonomy":"product_cat","embeddable":true,"href":"https:\/\/baralivres.ma\/index.php?rest_route=%2Fwp%2Fv2%2Fproduct_cat&post=11082"},{"taxonomy":"product_tag","embeddable":true,"href":"https:\/\/baralivres.ma\/index.php?rest_route=%2Fwp%2Fv2%2Fproduct_tag&post=11082"}],"curies":[{"name":"wp","href":"https:\/\/api.w.org\/{rel}","templated":true}]}}