{"id":11072,"date":"2023-08-29T15:13:26","date_gmt":"2023-08-29T14:13:26","guid":{"rendered":"https:\/\/baralivres.ma\/?post_type=product&#038;p=11072"},"modified":"2024-11-18T15:23:04","modified_gmt":"2024-11-18T14:23:04","slug":"le-grimoire-de-magie-25-tours-pour-devenir-magicien","status":"publish","type":"product","link":"https:\/\/baralivres.ma\/?product=le-grimoire-de-magie-25-tours-pour-devenir-magicien","title":{"rendered":"Le grimoire de magie &#8211; 25 tours pour devenir magicien"},"content":{"rendered":"<p>Le livre pour devenir le plus grand des sorciers ! Un grimoire pour apprendre la magie aux enfants mais aussi pour d\u00e9couvrir l&rsquo;histoire de la magie Disney ! &#8211; 25 tours de magie illustr\u00e9s, des plus simples aux plus spectaculaires. &#8211; Tous les tours expliqu\u00e9s et illustr\u00e9s en pas \u00e0 pas. &#8211; Des portraits des plus grands magiciens, sorciers et cr\u00e9atures magiques des univers Disney, associ\u00e9s \u00e0 chaque tour de magie.<br \/>\n&#8211; Des trucs et astuces pour comprendre et r\u00e9ussir les tours \u00e0 la perfection !<\/p>\n","protected":false},"excerpt":{"rendered":"<p>&nbsp;<\/p>\n<p>&#8211; 25 tours de magie illustr\u00e9s, des plus simples aux plus spectaculaires.<\/p>\n<p>&#8211; Tous les tours expliqu\u00e9s et illustr\u00e9s en pas \u00e0 pas.<\/p>\n<p>&#8211; Des portraits des plus grands magiciens, sorciers et cr\u00e9atures magiques des univers Disney, associ\u00e9s \u00e0 chaque tour de magie.<br \/>\n&#8211; Des trucs et astuces pour comprendre et r\u00e9ussir les tours \u00e0 la perfection !<\/p>\n","protected":false},"featured_media":11074,"comment_status":"open","ping_status":"closed","template":"","meta":{"inline_featured_image":false},"product_cat":[3877,199],"product_tag":[],"class_list":{"0":"post-11072","1":"product","2":"type-product","3":"status-publish","4":"has-post-thumbnail","6":"product_cat-les-histoires-francais","7":"product_cat-histoires","9":"first","10":"instock","11":"shipping-taxable","12":"purchasable","13":"product-type-simple"},"_links":{"self":[{"href":"https:\/\/baralivres.ma\/index.php?rest_route=\/wp\/v2\/product\/11072","targetHints":{"allow":["GET"]}}],"collection":[{"href":"https:\/\/baralivres.ma\/index.php?rest_route=\/wp\/v2\/product"}],"about":[{"href":"https:\/\/baralivres.ma\/index.php?rest_route=\/wp\/v2\/types\/product"}],"replies":[{"embeddable":true,"href":"https:\/\/baralivres.ma\/index.php?rest_route=%2Fwp%2Fv2%2Fcomments&post=11072"}],"version-history":[{"count":1,"href":"https:\/\/baralivres.ma\/index.php?rest_route=\/wp\/v2\/product\/11072\/revisions"}],"predecessor-version":[{"id":11075,"href":"https:\/\/baralivres.ma\/index.php?rest_route=\/wp\/v2\/product\/11072\/revisions\/11075"}],"wp:featuredmedia":[{"embeddable":true,"href":"https:\/\/baralivres.ma\/index.php?rest_route=\/wp\/v2\/media\/11074"}],"wp:attachment":[{"href":"https:\/\/baralivres.ma\/index.php?rest_route=%2Fwp%2Fv2%2Fmedia&parent=11072"}],"wp:term":[{"taxonomy":"product_cat","embeddable":true,"href":"https:\/\/baralivres.ma\/index.php?rest_route=%2Fwp%2Fv2%2Fproduct_cat&post=11072"},{"taxonomy":"product_tag","embeddable":true,"href":"https:\/\/baralivres.ma\/index.php?rest_route=%2Fwp%2Fv2%2Fproduct_tag&post=11072"}],"curies":[{"name":"wp","href":"https:\/\/api.w.org\/{rel}","templated":true}]}}