{"id":11065,"date":"2023-08-29T15:07:35","date_gmt":"2023-08-29T14:07:35","guid":{"rendered":"https:\/\/baralivres.ma\/?post_type=product&#038;p=11065"},"modified":"2024-11-18T16:22:13","modified_gmt":"2024-11-18T15:22:13","slug":"la-belle-et-la-bete-3","status":"publish","type":"product","link":"https:\/\/baralivres.ma\/?product=la-belle-et-la-bete-3","title":{"rendered":"La Belle et la B\u00eate"},"content":{"rendered":"<p>Dans un ch\u00e2teau recul\u00e9, un prince au coeur d\u00e9sert\u00e9 par l&rsquo;amour est victime d&rsquo;une terrible mal\u00e9diction. Transform\u00e9 en une b\u00eate \u00e0 l&rsquo;allure repoussante, il finit par perdre tout espoir de retrouver un jour son apparence humaine. Mais c&rsquo;est sans compter sur l&rsquo;arriv\u00e9e de Belle, une jeune fille ind\u00e9pendante et passionn\u00e9e qui, par le coup du destin, devient sa prisonni\u00e8re. Malgr\u00e9 ses craintes, Belle d\u00e9couvre peu \u00e0 peu l&rsquo;\u00e2me sensible de la B\u00eate\u2026<\/p>\n","protected":false},"excerpt":{"rendered":"<p>Dans un ch\u00e2teau recul\u00e9, un prince au coeur d\u00e9sert\u00e9 par l&rsquo;amour est victime d&rsquo;une terrible mal\u00e9diction. Transform\u00e9 en une b\u00eate \u00e0 l&rsquo;allure repoussante, il finit par perdre tout espoir de retrouver un jour son apparence humaine. Mais c&rsquo;est sans compter sur l&rsquo;arriv\u00e9e de Belle, une jeune fille ind\u00e9pendante et passionn\u00e9e qui, par le coup du destin, devient sa prisonni\u00e8re. Malgr\u00e9 ses craintes, Belle d\u00e9couvre peu \u00e0 peu l&rsquo;\u00e2me sensible de la B\u00eate\u2026<\/p>\n","protected":false},"featured_media":11066,"comment_status":"open","ping_status":"closed","template":"","meta":{"inline_featured_image":false},"product_cat":[3877,199],"product_tag":[],"class_list":{"0":"post-11065","1":"product","2":"type-product","3":"status-publish","4":"has-post-thumbnail","6":"product_cat-les-histoires-francais","7":"product_cat-histoires","9":"first","10":"instock","11":"shipping-taxable","12":"purchasable","13":"product-type-simple"},"_links":{"self":[{"href":"https:\/\/baralivres.ma\/index.php?rest_route=\/wp\/v2\/product\/11065","targetHints":{"allow":["GET"]}}],"collection":[{"href":"https:\/\/baralivres.ma\/index.php?rest_route=\/wp\/v2\/product"}],"about":[{"href":"https:\/\/baralivres.ma\/index.php?rest_route=\/wp\/v2\/types\/product"}],"replies":[{"embeddable":true,"href":"https:\/\/baralivres.ma\/index.php?rest_route=%2Fwp%2Fv2%2Fcomments&post=11065"}],"version-history":[{"count":1,"href":"https:\/\/baralivres.ma\/index.php?rest_route=\/wp\/v2\/product\/11065\/revisions"}],"predecessor-version":[{"id":11067,"href":"https:\/\/baralivres.ma\/index.php?rest_route=\/wp\/v2\/product\/11065\/revisions\/11067"}],"wp:featuredmedia":[{"embeddable":true,"href":"https:\/\/baralivres.ma\/index.php?rest_route=\/wp\/v2\/media\/11066"}],"wp:attachment":[{"href":"https:\/\/baralivres.ma\/index.php?rest_route=%2Fwp%2Fv2%2Fmedia&parent=11065"}],"wp:term":[{"taxonomy":"product_cat","embeddable":true,"href":"https:\/\/baralivres.ma\/index.php?rest_route=%2Fwp%2Fv2%2Fproduct_cat&post=11065"},{"taxonomy":"product_tag","embeddable":true,"href":"https:\/\/baralivres.ma\/index.php?rest_route=%2Fwp%2Fv2%2Fproduct_tag&post=11065"}],"curies":[{"name":"wp","href":"https:\/\/api.w.org\/{rel}","templated":true}]}}