{"id":11027,"date":"2023-08-29T13:30:01","date_gmt":"2023-08-29T12:30:01","guid":{"rendered":"https:\/\/baralivres.ma\/?post_type=product&#038;p=11027"},"modified":"2024-11-18T16:28:35","modified_gmt":"2024-11-18T15:28:35","slug":"boucle-dor-contient-6-puzzles","status":"publish","type":"product","link":"https:\/\/baralivres.ma\/?product=boucle-dor-contient-6-puzzles","title":{"rendered":"Boucle d&rsquo;Or &#8211; Contient 6 puzzles"},"content":{"rendered":"<p>Une petite fille aux belles boucles blondes d\u00e9sob\u00e9it \u00e0 sa m\u00e8re et se perd dans la for\u00eat. Elle y d\u00e9couvre une maison et s&rsquo;y installe, sans savoir qu&rsquo;elle appartient \u00e0 une famille ours. L&rsquo;histoire est illustr\u00e9e de 6 puzzles.<\/p>\n","protected":false},"excerpt":{"rendered":"<p>Une petite fille aux belles boucles blondes d\u00e9sob\u00e9it \u00e0 sa m\u00e8re et se perd dans la for\u00eat. Elle y d\u00e9couvre une maison et s&rsquo;y installe, sans savoir qu&rsquo;elle appartient \u00e0 une famille ours. L&rsquo;histoire est illustr\u00e9e de 6 puzzles.<\/p>\n","protected":false},"featured_media":11029,"comment_status":"open","ping_status":"closed","template":"","meta":{"inline_featured_image":false},"product_cat":[212,200],"product_tag":[],"class_list":{"0":"post-11027","1":"product","2":"type-product","3":"status-publish","4":"has-post-thumbnail","6":"product_cat-puzzle","7":"product_cat-activites","9":"first","10":"instock","11":"shipping-taxable","12":"purchasable","13":"product-type-simple"},"_links":{"self":[{"href":"https:\/\/baralivres.ma\/index.php?rest_route=\/wp\/v2\/product\/11027","targetHints":{"allow":["GET"]}}],"collection":[{"href":"https:\/\/baralivres.ma\/index.php?rest_route=\/wp\/v2\/product"}],"about":[{"href":"https:\/\/baralivres.ma\/index.php?rest_route=\/wp\/v2\/types\/product"}],"replies":[{"embeddable":true,"href":"https:\/\/baralivres.ma\/index.php?rest_route=%2Fwp%2Fv2%2Fcomments&post=11027"}],"version-history":[{"count":1,"href":"https:\/\/baralivres.ma\/index.php?rest_route=\/wp\/v2\/product\/11027\/revisions"}],"predecessor-version":[{"id":11030,"href":"https:\/\/baralivres.ma\/index.php?rest_route=\/wp\/v2\/product\/11027\/revisions\/11030"}],"wp:featuredmedia":[{"embeddable":true,"href":"https:\/\/baralivres.ma\/index.php?rest_route=\/wp\/v2\/media\/11029"}],"wp:attachment":[{"href":"https:\/\/baralivres.ma\/index.php?rest_route=%2Fwp%2Fv2%2Fmedia&parent=11027"}],"wp:term":[{"taxonomy":"product_cat","embeddable":true,"href":"https:\/\/baralivres.ma\/index.php?rest_route=%2Fwp%2Fv2%2Fproduct_cat&post=11027"},{"taxonomy":"product_tag","embeddable":true,"href":"https:\/\/baralivres.ma\/index.php?rest_route=%2Fwp%2Fv2%2Fproduct_tag&post=11027"}],"curies":[{"name":"wp","href":"https:\/\/api.w.org\/{rel}","templated":true}]}}