{"id":11022,"date":"2023-08-29T13:21:00","date_gmt":"2023-08-29T12:21:00","guid":{"rendered":"https:\/\/baralivres.ma\/?post_type=product&#038;p=11022"},"modified":"2024-11-18T16:29:58","modified_gmt":"2024-11-18T15:29:58","slug":"la-reine-des-neiges-ii-3","status":"publish","type":"product","link":"https:\/\/baralivres.ma\/?product=la-reine-des-neiges-ii-3","title":{"rendered":"La Reine des Neiges II"},"content":{"rendered":"<p>Les sc\u00e8nes mythiques du film La Reine des Neiges 2 dans un livre puzzle grand format ! &#8211; L&rsquo;histoire du film racont\u00e9e en 5 moments cl\u00e9s, avec des textes courts et faciles \u00e0 lire. &#8211; 5 puzzles de 25 pi\u00e8ces avec des effets \u00a0\u00bb magiques \u00a0\u00bb qui brillent de mille feux : paillettes, argent, fluo, fer holographique. D\u00e8s 4 ans.<\/p>\n","protected":false},"excerpt":{"rendered":"<p>L&rsquo;histoire du film racont\u00e9e en 5 moments cl\u00e9s, avec des textes courts et faciles \u00e0 lire.<\/p>\n","protected":false},"featured_media":11024,"comment_status":"open","ping_status":"closed","template":"","meta":{"inline_featured_image":false},"product_cat":[3877,212,199],"product_tag":[],"class_list":{"0":"post-11022","1":"product","2":"type-product","3":"status-publish","4":"has-post-thumbnail","6":"product_cat-les-histoires-francais","7":"product_cat-puzzle","8":"product_cat-histoires","10":"first","11":"instock","12":"shipping-taxable","13":"purchasable","14":"product-type-simple"},"_links":{"self":[{"href":"https:\/\/baralivres.ma\/index.php?rest_route=\/wp\/v2\/product\/11022","targetHints":{"allow":["GET"]}}],"collection":[{"href":"https:\/\/baralivres.ma\/index.php?rest_route=\/wp\/v2\/product"}],"about":[{"href":"https:\/\/baralivres.ma\/index.php?rest_route=\/wp\/v2\/types\/product"}],"replies":[{"embeddable":true,"href":"https:\/\/baralivres.ma\/index.php?rest_route=%2Fwp%2Fv2%2Fcomments&post=11022"}],"version-history":[{"count":2,"href":"https:\/\/baralivres.ma\/index.php?rest_route=\/wp\/v2\/product\/11022\/revisions"}],"predecessor-version":[{"id":11028,"href":"https:\/\/baralivres.ma\/index.php?rest_route=\/wp\/v2\/product\/11022\/revisions\/11028"}],"wp:featuredmedia":[{"embeddable":true,"href":"https:\/\/baralivres.ma\/index.php?rest_route=\/wp\/v2\/media\/11024"}],"wp:attachment":[{"href":"https:\/\/baralivres.ma\/index.php?rest_route=%2Fwp%2Fv2%2Fmedia&parent=11022"}],"wp:term":[{"taxonomy":"product_cat","embeddable":true,"href":"https:\/\/baralivres.ma\/index.php?rest_route=%2Fwp%2Fv2%2Fproduct_cat&post=11022"},{"taxonomy":"product_tag","embeddable":true,"href":"https:\/\/baralivres.ma\/index.php?rest_route=%2Fwp%2Fv2%2Fproduct_tag&post=11022"}],"curies":[{"name":"wp","href":"https:\/\/api.w.org\/{rel}","templated":true}]}}