{"id":10984,"date":"2023-08-29T12:32:57","date_gmt":"2023-08-29T11:32:57","guid":{"rendered":"https:\/\/baralivres.ma\/?post_type=product&#038;p=10984"},"modified":"2024-10-29T13:20:04","modified_gmt":"2024-10-29T12:20:04","slug":"des-contes-plein-les-yeux","status":"publish","type":"product","link":"https:\/\/baralivres.ma\/?product=des-contes-plein-les-yeux","title":{"rendered":"Des contes plein les yeux"},"content":{"rendered":"<p>Gr\u00e2ce \u00e0 ce coffret, plonge dans le royaume enchant\u00e9 de tes contes pr\u00e9f\u00e9r\u00e9s l Retrouve les histoires du Chat bott\u00e9, du Petit Chaperon rouge et du Vilain petit canard. A l&rsquo;aide de ta cam\u00e9ra-projecteur, donne vie \u00e0 tes histoires comme par magie en projetant dans le noir les 24 images. Tu pourras aussi t&rsquo;inventer tes propres histoires ! Des super accessoires : une cam\u00e9ra-projecteur 24 images \u00e0 projeter dans le noir.<br \/>\nMode d&#8217;emploi de la cam\u00e9ra-projecteur : 1. Retire la languette de protection des piles. 2. Ins\u00e8re dans la fente la rondelle de ton choix. 3. Allume la cam\u00e9ra-projecteur. Tourne l&rsquo;objectif pour faire la mise ou point. 4. Tourne la rondelle pour projeter les images.<\/p>\n","protected":false},"excerpt":{"rendered":"<p>Un coffret contenant un livre de contes de 48 pages, 1 cam\u00e9ra de poche et 3 rondelles kale\u00efdoscopiques.<br \/>\nChacune des rondelles permet de projeter 8 images de grande qualit\u00e9.<\/p>\n","protected":false},"featured_media":10986,"comment_status":"open","ping_status":"closed","template":"","meta":{"inline_featured_image":false},"product_cat":[3875,201,200],"product_tag":[],"class_list":{"0":"post-10984","1":"product","2":"type-product","3":"status-publish","4":"has-post-thumbnail","6":"product_cat-coffret-francais","7":"product_cat-coffret","8":"product_cat-activites","10":"first","11":"instock","12":"shipping-taxable","13":"purchasable","14":"product-type-simple"},"_links":{"self":[{"href":"https:\/\/baralivres.ma\/index.php?rest_route=\/wp\/v2\/product\/10984","targetHints":{"allow":["GET"]}}],"collection":[{"href":"https:\/\/baralivres.ma\/index.php?rest_route=\/wp\/v2\/product"}],"about":[{"href":"https:\/\/baralivres.ma\/index.php?rest_route=\/wp\/v2\/types\/product"}],"replies":[{"embeddable":true,"href":"https:\/\/baralivres.ma\/index.php?rest_route=%2Fwp%2Fv2%2Fcomments&post=10984"}],"version-history":[{"count":1,"href":"https:\/\/baralivres.ma\/index.php?rest_route=\/wp\/v2\/product\/10984\/revisions"}],"predecessor-version":[{"id":10987,"href":"https:\/\/baralivres.ma\/index.php?rest_route=\/wp\/v2\/product\/10984\/revisions\/10987"}],"wp:featuredmedia":[{"embeddable":true,"href":"https:\/\/baralivres.ma\/index.php?rest_route=\/wp\/v2\/media\/10986"}],"wp:attachment":[{"href":"https:\/\/baralivres.ma\/index.php?rest_route=%2Fwp%2Fv2%2Fmedia&parent=10984"}],"wp:term":[{"taxonomy":"product_cat","embeddable":true,"href":"https:\/\/baralivres.ma\/index.php?rest_route=%2Fwp%2Fv2%2Fproduct_cat&post=10984"},{"taxonomy":"product_tag","embeddable":true,"href":"https:\/\/baralivres.ma\/index.php?rest_route=%2Fwp%2Fv2%2Fproduct_tag&post=10984"}],"curies":[{"name":"wp","href":"https:\/\/api.w.org\/{rel}","templated":true}]}}