{"id":10962,"date":"2023-08-29T12:05:24","date_gmt":"2023-08-29T11:05:24","guid":{"rendered":"https:\/\/baralivres.ma\/?post_type=product&#038;p=10962"},"modified":"2024-10-29T13:22:12","modified_gmt":"2024-10-29T12:22:12","slug":"vaiana-vive-la-rentree","status":"publish","type":"product","link":"https:\/\/baralivres.ma\/?product=vaiana-vive-la-rentree","title":{"rendered":"Vaiana, Vive la rentr\u00e9e"},"content":{"rendered":"<p>L&rsquo;enfant pourra emporter partout sa petite valisette Vaiana qui contient : &#8211; un livre de coloriages &#8211; un livre de jeux &#8211; un livre de sc\u00e8nes \u00e0 d\u00e9corer avec les stickers + 3 planches de stickers.<\/p>\n","protected":false},"excerpt":{"rendered":"<p>L&rsquo;enfant pourra emporter partout sa petite valisette Vaiana qui contient : &#8211; un livre de coloriages &#8211; un livre de jeux &#8211; un livre de sc\u00e8nes \u00e0 d\u00e9corer avec les stickers + 3 planches de stickers.<\/p>\n","protected":false},"featured_media":10963,"comment_status":"open","ping_status":"closed","template":"","meta":{"inline_featured_image":false},"product_cat":[3875,215,201,210,200],"product_tag":[],"class_list":{"0":"post-10962","1":"product","2":"type-product","3":"status-publish","4":"has-post-thumbnail","6":"product_cat-coffret-francais","7":"product_cat-enfant","8":"product_cat-coffret","9":"product_cat-activites-bebe-enfant","10":"product_cat-activites","12":"first","13":"instock","14":"shipping-taxable","15":"purchasable","16":"product-type-simple"},"_links":{"self":[{"href":"https:\/\/baralivres.ma\/index.php?rest_route=\/wp\/v2\/product\/10962","targetHints":{"allow":["GET"]}}],"collection":[{"href":"https:\/\/baralivres.ma\/index.php?rest_route=\/wp\/v2\/product"}],"about":[{"href":"https:\/\/baralivres.ma\/index.php?rest_route=\/wp\/v2\/types\/product"}],"replies":[{"embeddable":true,"href":"https:\/\/baralivres.ma\/index.php?rest_route=%2Fwp%2Fv2%2Fcomments&post=10962"}],"version-history":[{"count":1,"href":"https:\/\/baralivres.ma\/index.php?rest_route=\/wp\/v2\/product\/10962\/revisions"}],"predecessor-version":[{"id":10964,"href":"https:\/\/baralivres.ma\/index.php?rest_route=\/wp\/v2\/product\/10962\/revisions\/10964"}],"wp:featuredmedia":[{"embeddable":true,"href":"https:\/\/baralivres.ma\/index.php?rest_route=\/wp\/v2\/media\/10963"}],"wp:attachment":[{"href":"https:\/\/baralivres.ma\/index.php?rest_route=%2Fwp%2Fv2%2Fmedia&parent=10962"}],"wp:term":[{"taxonomy":"product_cat","embeddable":true,"href":"https:\/\/baralivres.ma\/index.php?rest_route=%2Fwp%2Fv2%2Fproduct_cat&post=10962"},{"taxonomy":"product_tag","embeddable":true,"href":"https:\/\/baralivres.ma\/index.php?rest_route=%2Fwp%2Fv2%2Fproduct_tag&post=10962"}],"curies":[{"name":"wp","href":"https:\/\/api.w.org\/{rel}","templated":true}]}}