{"id":10939,"date":"2023-08-28T18:29:45","date_gmt":"2023-08-28T17:29:45","guid":{"rendered":"https:\/\/baralivres.ma\/?post_type=product&#038;p=10939"},"modified":"2024-11-18T16:31:34","modified_gmt":"2024-11-18T15:31:34","slug":"mulan-lalbum-du-film","status":"publish","type":"product","link":"https:\/\/baralivres.ma\/?product=mulan-lalbum-du-film","title":{"rendered":"Mulan &#8211; L&rsquo;album du film"},"content":{"rendered":"<p>Mulan, une jeune femme intr\u00e9pide pr\u00eate \u00e0 tout par amour pour sa famille et son pays ! Lorsque l&rsquo;Empereur de Chine entre en guerre contre les envahisseurs du Nord, il \u00e9met un d\u00e9cret exigeant qu&rsquo;un homme de chaque famille rejoigne l&rsquo;arm\u00e9e imp\u00e9riale. Hua Mulan, la fille a\u00een\u00e9e d&rsquo;un honorable guerrier, d\u00e9cide de s&rsquo;engager \u00e0 la place de son p\u00e8re malade. Se faisant passer pour un homme du nom de Hua Jun, elle devient l&rsquo;un des plus grands guerriers que la Chine ait jamais connu&#8230;<\/p>\n","protected":false},"excerpt":{"rendered":"<p>Mulan, une jeune femme intr\u00e9pide pr\u00eate \u00e0 tout par amour pour sa famille et son pays ! Lorsque l&rsquo;Empereur de Chine entre en guerre contre les envahisseurs du Nord, il \u00e9met un d\u00e9cret exigeant qu&rsquo;un homme de chaque famille rejoigne l&rsquo;arm\u00e9e imp\u00e9riale. Hua Mulan, la fille a\u00een\u00e9e d&rsquo;un honorable guerrier, d\u00e9cide de s&rsquo;engager \u00e0 la place de son p\u00e8re malade. Se faisant passer pour un homme du nom de Hua Jun, elle devient l&rsquo;un des plus grands guerriers que la Chine ait jamais connu&#8230;<\/p>\n","protected":false},"featured_media":10942,"comment_status":"open","ping_status":"closed","template":"","meta":{"inline_featured_image":false},"product_cat":[3877,199],"product_tag":[],"class_list":{"0":"post-10939","1":"product","2":"type-product","3":"status-publish","4":"has-post-thumbnail","6":"product_cat-les-histoires-francais","7":"product_cat-histoires","9":"first","10":"instock","11":"shipping-taxable","12":"purchasable","13":"product-type-simple"},"_links":{"self":[{"href":"https:\/\/baralivres.ma\/index.php?rest_route=\/wp\/v2\/product\/10939","targetHints":{"allow":["GET"]}}],"collection":[{"href":"https:\/\/baralivres.ma\/index.php?rest_route=\/wp\/v2\/product"}],"about":[{"href":"https:\/\/baralivres.ma\/index.php?rest_route=\/wp\/v2\/types\/product"}],"replies":[{"embeddable":true,"href":"https:\/\/baralivres.ma\/index.php?rest_route=%2Fwp%2Fv2%2Fcomments&post=10939"}],"version-history":[{"count":1,"href":"https:\/\/baralivres.ma\/index.php?rest_route=\/wp\/v2\/product\/10939\/revisions"}],"predecessor-version":[{"id":10943,"href":"https:\/\/baralivres.ma\/index.php?rest_route=\/wp\/v2\/product\/10939\/revisions\/10943"}],"wp:featuredmedia":[{"embeddable":true,"href":"https:\/\/baralivres.ma\/index.php?rest_route=\/wp\/v2\/media\/10942"}],"wp:attachment":[{"href":"https:\/\/baralivres.ma\/index.php?rest_route=%2Fwp%2Fv2%2Fmedia&parent=10939"}],"wp:term":[{"taxonomy":"product_cat","embeddable":true,"href":"https:\/\/baralivres.ma\/index.php?rest_route=%2Fwp%2Fv2%2Fproduct_cat&post=10939"},{"taxonomy":"product_tag","embeddable":true,"href":"https:\/\/baralivres.ma\/index.php?rest_route=%2Fwp%2Fv2%2Fproduct_tag&post=10939"}],"curies":[{"name":"wp","href":"https:\/\/api.w.org\/{rel}","templated":true}]}}