{"id":10925,"date":"2023-08-28T18:21:17","date_gmt":"2023-08-28T17:21:17","guid":{"rendered":"https:\/\/baralivres.ma\/?post_type=product&#038;p=10925"},"modified":"2024-11-18T16:33:19","modified_gmt":"2024-11-18T15:33:19","slug":"arthur-et-les-minimoys-le-jour-du-roi","status":"publish","type":"product","link":"https:\/\/baralivres.ma\/?product=arthur-et-les-minimoys-le-jour-du-roi","title":{"rendered":"Arthur et les Minimoys &#8211; Le jour du roi"},"content":{"rendered":"<p>Aujourd&rsquo;hui, c&rsquo;est le \u00a0\u00bb jour du Roi \u00a0\u00bb : le roi Sifrat va laisser sa place pendant une journ\u00e9e \u00e0 un Minimoy choisi au hasard. Malheureusement, le hasard d\u00e9signe Margoul. Arthur pressent tout de suite que cette journ\u00e9e va tourner \u00e0 la catastrophe. Le gar\u00e7on et ses amis vont devoir faire preuve de courage pour sauver le village des Minimoys des magouilles de Margoul et du redoutable Maltazard.<\/p>\n","protected":false},"excerpt":{"rendered":"<p>Aujourd&rsquo;hui, c&rsquo;est le \u00a0\u00bb jour du Roi \u00a0\u00bb : le roi Sifrat va laisser sa place pendant une journ\u00e9e \u00e0 un Minimoy choisi au hasard. Malheureusement, le hasard d\u00e9signe Margoul. Arthur pressent tout de suite que cette journ\u00e9e va tourner \u00e0 la catastrophe. Le gar\u00e7on et ses amis vont devoir faire preuve de courage pour sauver le village des Minimoys des magouilles de Margoul et du redoutable Maltazard.<\/p>\n","protected":false},"featured_media":10926,"comment_status":"open","ping_status":"closed","template":"","meta":{"inline_featured_image":false},"product_cat":[3877,199],"product_tag":[],"class_list":{"0":"post-10925","1":"product","2":"type-product","3":"status-publish","4":"has-post-thumbnail","6":"product_cat-les-histoires-francais","7":"product_cat-histoires","9":"first","10":"instock","11":"shipping-taxable","12":"purchasable","13":"product-type-simple"},"_links":{"self":[{"href":"https:\/\/baralivres.ma\/index.php?rest_route=\/wp\/v2\/product\/10925","targetHints":{"allow":["GET"]}}],"collection":[{"href":"https:\/\/baralivres.ma\/index.php?rest_route=\/wp\/v2\/product"}],"about":[{"href":"https:\/\/baralivres.ma\/index.php?rest_route=\/wp\/v2\/types\/product"}],"replies":[{"embeddable":true,"href":"https:\/\/baralivres.ma\/index.php?rest_route=%2Fwp%2Fv2%2Fcomments&post=10925"}],"version-history":[{"count":1,"href":"https:\/\/baralivres.ma\/index.php?rest_route=\/wp\/v2\/product\/10925\/revisions"}],"predecessor-version":[{"id":10927,"href":"https:\/\/baralivres.ma\/index.php?rest_route=\/wp\/v2\/product\/10925\/revisions\/10927"}],"wp:featuredmedia":[{"embeddable":true,"href":"https:\/\/baralivres.ma\/index.php?rest_route=\/wp\/v2\/media\/10926"}],"wp:attachment":[{"href":"https:\/\/baralivres.ma\/index.php?rest_route=%2Fwp%2Fv2%2Fmedia&parent=10925"}],"wp:term":[{"taxonomy":"product_cat","embeddable":true,"href":"https:\/\/baralivres.ma\/index.php?rest_route=%2Fwp%2Fv2%2Fproduct_cat&post=10925"},{"taxonomy":"product_tag","embeddable":true,"href":"https:\/\/baralivres.ma\/index.php?rest_route=%2Fwp%2Fv2%2Fproduct_tag&post=10925"}],"curies":[{"name":"wp","href":"https:\/\/api.w.org\/{rel}","templated":true}]}}