{"id":10916,"date":"2023-08-28T18:16:09","date_gmt":"2023-08-28T17:16:09","guid":{"rendered":"https:\/\/baralivres.ma\/?post_type=product&#038;p=10916"},"modified":"2024-11-18T16:33:54","modified_gmt":"2024-11-18T15:33:54","slug":"les-nouvelles-histoires-de-disney-tome-7","status":"publish","type":"product","link":"https:\/\/baralivres.ma\/?product=les-nouvelles-histoires-de-disney-tome-7","title":{"rendered":"Les nouvelles histoires de Disney Tome 7"},"content":{"rendered":"<p>Une fois d\u00e9guis\u00e9e en adulte, Marie s&rsquo;avance \u00e0 petits pas prudents dans le salon. Beaucoup d&rsquo;invit\u00e9s dansent. Cependant, elle h\u00e9site \u00e0 les rejoindre, de peur de se faire remarquer. Ce soir, c&rsquo;est l&rsquo;anniversaire de Scat Cat, et Marie r\u00eave de participer \u00e0 la f\u00eate. Cependant, sa maman ne veut pas qu&rsquo;elle y aille : Marie est trop jeune, elle doit se coucher. Mais la petite chatte est d\u00e9termin\u00e9e. Elle se rend malgr\u00e9 tout \u00e0 la soir\u00e9e, d\u00e9guis\u00e9e en adulte.<br \/>\nSa maman ne doit surtout pas se rendre compte qu&rsquo;elle lui a d\u00e9sob\u00e9i !<\/p>\n","protected":false},"excerpt":{"rendered":"<p>Une fois d\u00e9guis\u00e9e en adulte, Marie s&rsquo;avance \u00e0 petits pas prudents dans le salon. Beaucoup d&rsquo;invit\u00e9s dansent. Cependant, elle h\u00e9site \u00e0 les rejoindre, de peur de se faire remarquer.<\/p>\n","protected":false},"featured_media":10920,"comment_status":"open","ping_status":"closed","template":"","meta":{"inline_featured_image":false},"product_cat":[3877,199],"product_tag":[],"class_list":{"0":"post-10916","1":"product","2":"type-product","3":"status-publish","4":"has-post-thumbnail","6":"product_cat-les-histoires-francais","7":"product_cat-histoires","9":"first","10":"instock","11":"shipping-taxable","12":"purchasable","13":"product-type-simple"},"_links":{"self":[{"href":"https:\/\/baralivres.ma\/index.php?rest_route=\/wp\/v2\/product\/10916","targetHints":{"allow":["GET"]}}],"collection":[{"href":"https:\/\/baralivres.ma\/index.php?rest_route=\/wp\/v2\/product"}],"about":[{"href":"https:\/\/baralivres.ma\/index.php?rest_route=\/wp\/v2\/types\/product"}],"replies":[{"embeddable":true,"href":"https:\/\/baralivres.ma\/index.php?rest_route=%2Fwp%2Fv2%2Fcomments&post=10916"}],"version-history":[{"count":1,"href":"https:\/\/baralivres.ma\/index.php?rest_route=\/wp\/v2\/product\/10916\/revisions"}],"predecessor-version":[{"id":10921,"href":"https:\/\/baralivres.ma\/index.php?rest_route=\/wp\/v2\/product\/10916\/revisions\/10921"}],"wp:featuredmedia":[{"embeddable":true,"href":"https:\/\/baralivres.ma\/index.php?rest_route=\/wp\/v2\/media\/10920"}],"wp:attachment":[{"href":"https:\/\/baralivres.ma\/index.php?rest_route=%2Fwp%2Fv2%2Fmedia&parent=10916"}],"wp:term":[{"taxonomy":"product_cat","embeddable":true,"href":"https:\/\/baralivres.ma\/index.php?rest_route=%2Fwp%2Fv2%2Fproduct_cat&post=10916"},{"taxonomy":"product_tag","embeddable":true,"href":"https:\/\/baralivres.ma\/index.php?rest_route=%2Fwp%2Fv2%2Fproduct_tag&post=10916"}],"curies":[{"name":"wp","href":"https:\/\/api.w.org\/{rel}","templated":true}]}}