{"id":10913,"date":"2023-08-28T18:14:47","date_gmt":"2023-08-28T17:14:47","guid":{"rendered":"https:\/\/baralivres.ma\/?post_type=product&#038;p=10913"},"modified":"2024-10-29T13:23:02","modified_gmt":"2024-10-29T12:23:02","slug":"jeux-dantan","status":"publish","type":"product","link":"https:\/\/baralivres.ma\/?product=jeux-dantan","title":{"rendered":"Jeux d&rsquo;antan"},"content":{"rendered":"<p>Creusez-vous les m\u00e9ninges en famille ou entre amis et tentez de r\u00e9soudre ces r\u00e9bus et ombres chinoises d&rsquo;antan ! Toutes les cartes de ce coffret datent du d\u00e9but du XXe si\u00e8cle, \u00e2ge d&rsquo;or des chromos et des cartes \u00e0 collectionner. Remontez le temps et trouvez les solutions de ces \u00e9nigmes au style ancien et color\u00e9 ! Inclus dans le coffret : 50 cartes + un livret avec les r\u00e8gles et les solutions.<\/p>\n","protected":false},"excerpt":{"rendered":"<p>Creusez-vous les m\u00e9ninges en famille ou entre amis et tentez de r\u00e9soudre ces r\u00e9bus et ombres chinoises d&rsquo;antan ! Toutes les cartes de ce coffret datent du d\u00e9but du XXe si\u00e8cle, \u00e2ge d&rsquo;or des chromos et des cartes \u00e0 collectionner. Remontez le temps et trouvez les solutions de ces \u00e9nigmes au style ancien et color\u00e9 [&hellip;]<\/p>\n","protected":false},"featured_media":10915,"comment_status":"open","ping_status":"closed","template":"","meta":{"inline_featured_image":false},"product_cat":[3875,201,200],"product_tag":[],"class_list":{"0":"post-10913","1":"product","2":"type-product","3":"status-publish","4":"has-post-thumbnail","6":"product_cat-coffret-francais","7":"product_cat-coffret","8":"product_cat-activites","10":"first","11":"instock","12":"shipping-taxable","13":"purchasable","14":"product-type-simple"},"_links":{"self":[{"href":"https:\/\/baralivres.ma\/index.php?rest_route=\/wp\/v2\/product\/10913","targetHints":{"allow":["GET"]}}],"collection":[{"href":"https:\/\/baralivres.ma\/index.php?rest_route=\/wp\/v2\/product"}],"about":[{"href":"https:\/\/baralivres.ma\/index.php?rest_route=\/wp\/v2\/types\/product"}],"replies":[{"embeddable":true,"href":"https:\/\/baralivres.ma\/index.php?rest_route=%2Fwp%2Fv2%2Fcomments&post=10913"}],"version-history":[{"count":1,"href":"https:\/\/baralivres.ma\/index.php?rest_route=\/wp\/v2\/product\/10913\/revisions"}],"predecessor-version":[{"id":10917,"href":"https:\/\/baralivres.ma\/index.php?rest_route=\/wp\/v2\/product\/10913\/revisions\/10917"}],"wp:featuredmedia":[{"embeddable":true,"href":"https:\/\/baralivres.ma\/index.php?rest_route=\/wp\/v2\/media\/10915"}],"wp:attachment":[{"href":"https:\/\/baralivres.ma\/index.php?rest_route=%2Fwp%2Fv2%2Fmedia&parent=10913"}],"wp:term":[{"taxonomy":"product_cat","embeddable":true,"href":"https:\/\/baralivres.ma\/index.php?rest_route=%2Fwp%2Fv2%2Fproduct_cat&post=10913"},{"taxonomy":"product_tag","embeddable":true,"href":"https:\/\/baralivres.ma\/index.php?rest_route=%2Fwp%2Fv2%2Fproduct_tag&post=10913"}],"curies":[{"name":"wp","href":"https:\/\/api.w.org\/{rel}","templated":true}]}}