{"id":10842,"date":"2023-08-28T17:45:14","date_gmt":"2023-08-28T16:45:14","guid":{"rendered":"https:\/\/baralivres.ma\/?post_type=product&#038;p=10842"},"modified":"2024-11-18T16:41:16","modified_gmt":"2024-11-18T15:41:16","slug":"les-nouvelles-histoires-de-disney-tome-3","status":"publish","type":"product","link":"https:\/\/baralivres.ma\/?product=les-nouvelles-histoires-de-disney-tome-3","title":{"rendered":"Les nouvelles histoires de Disney Tome 3"},"content":{"rendered":"<p>La suite des aventures des plus grands h\u00e9ros Disney ! Une collection d&rsquo;albums de 32 pages d\u00e9di\u00e9e aux histoires in\u00e9dites des plus grands h\u00e9ros des classiques Disney. D\u00e8s 4 ans. R\u00e9sum\u00e9 : Aurore est ravie ! Les fleurs qu&rsquo;elle a plant\u00e9es ont enfin \u00e9clos et ont attir\u00e9 une famille de licornes dans son jardin ! Mal\u00e9fique, qui a appris la nouvelle, d\u00e9cide de geler toutes les fleurs pour faire fuir les licornes.<br \/>\nMais Aurore ne compte pas en rester l\u00e0&#8230;<\/p>\n","protected":false},"excerpt":{"rendered":"<p>! Les fleurs qu&rsquo;elle a plant\u00e9es ont enfin \u00e9clos et ont attir\u00e9 une famille de licornes dans son jardin ! Mal\u00e9fique, qui a appris la nouvelle, d\u00e9cide de geler toutes les fleurs pour faire fuir les licornes.<br \/>\nMais Aurore ne compte pas en rester l\u00e0&#8230;<\/p>\n","protected":false},"featured_media":10843,"comment_status":"open","ping_status":"closed","template":"","meta":{"inline_featured_image":false},"product_cat":[3877,199],"product_tag":[],"class_list":{"0":"post-10842","1":"product","2":"type-product","3":"status-publish","4":"has-post-thumbnail","6":"product_cat-les-histoires-francais","7":"product_cat-histoires","9":"first","10":"instock","11":"shipping-taxable","12":"purchasable","13":"product-type-simple"},"_links":{"self":[{"href":"https:\/\/baralivres.ma\/index.php?rest_route=\/wp\/v2\/product\/10842","targetHints":{"allow":["GET"]}}],"collection":[{"href":"https:\/\/baralivres.ma\/index.php?rest_route=\/wp\/v2\/product"}],"about":[{"href":"https:\/\/baralivres.ma\/index.php?rest_route=\/wp\/v2\/types\/product"}],"replies":[{"embeddable":true,"href":"https:\/\/baralivres.ma\/index.php?rest_route=%2Fwp%2Fv2%2Fcomments&post=10842"}],"version-history":[{"count":1,"href":"https:\/\/baralivres.ma\/index.php?rest_route=\/wp\/v2\/product\/10842\/revisions"}],"predecessor-version":[{"id":10845,"href":"https:\/\/baralivres.ma\/index.php?rest_route=\/wp\/v2\/product\/10842\/revisions\/10845"}],"wp:featuredmedia":[{"embeddable":true,"href":"https:\/\/baralivres.ma\/index.php?rest_route=\/wp\/v2\/media\/10843"}],"wp:attachment":[{"href":"https:\/\/baralivres.ma\/index.php?rest_route=%2Fwp%2Fv2%2Fmedia&parent=10842"}],"wp:term":[{"taxonomy":"product_cat","embeddable":true,"href":"https:\/\/baralivres.ma\/index.php?rest_route=%2Fwp%2Fv2%2Fproduct_cat&post=10842"},{"taxonomy":"product_tag","embeddable":true,"href":"https:\/\/baralivres.ma\/index.php?rest_route=%2Fwp%2Fv2%2Fproduct_tag&post=10842"}],"curies":[{"name":"wp","href":"https:\/\/api.w.org\/{rel}","templated":true}]}}