{"id":10840,"date":"2023-08-28T17:46:03","date_gmt":"2023-08-28T16:46:03","guid":{"rendered":"https:\/\/baralivres.ma\/?post_type=product&#038;p=10840"},"modified":"2024-10-29T13:26:15","modified_gmt":"2024-10-29T12:26:15","slug":"mon-collier-avec-petites-fioles","status":"publish","type":"product","link":"https:\/\/baralivres.ma\/?product=mon-collier-avec-petites-fioles","title":{"rendered":"Mon collier avec petites fioles"},"content":{"rendered":"<p>Une petite bo\u00eete \u00e0 bijoux qui contient tout le mat\u00e9riel n\u00e9cessaire afin de cr\u00e9er un beau collier avec pour pendentif une jolie petite fiole d\u00e9cor\u00e9. Un livret explicatif de 12 pages aidera l&rsquo;enfant \u00e0 monter son collier.<\/p>\n","protected":false},"excerpt":{"rendered":"<p>Une petite bo\u00eete \u00e0 bijoux qui contient tout le mat\u00e9riel n\u00e9cessaire afin de cr\u00e9er un beau collier avec pour pendentif une jolie petite fiole d\u00e9cor\u00e9. Un livret explicatif de 12 pages aidera l&rsquo;enfant \u00e0 monter son collier.<\/p>\n","protected":false},"featured_media":10846,"comment_status":"open","ping_status":"closed","template":"","meta":{"inline_featured_image":false},"product_cat":[3875,201,200],"product_tag":[],"class_list":{"0":"post-10840","1":"product","2":"type-product","3":"status-publish","4":"has-post-thumbnail","6":"product_cat-coffret-francais","7":"product_cat-coffret","8":"product_cat-activites","10":"first","11":"instock","12":"shipping-taxable","13":"purchasable","14":"product-type-simple"},"_links":{"self":[{"href":"https:\/\/baralivres.ma\/index.php?rest_route=\/wp\/v2\/product\/10840","targetHints":{"allow":["GET"]}}],"collection":[{"href":"https:\/\/baralivres.ma\/index.php?rest_route=\/wp\/v2\/product"}],"about":[{"href":"https:\/\/baralivres.ma\/index.php?rest_route=\/wp\/v2\/types\/product"}],"replies":[{"embeddable":true,"href":"https:\/\/baralivres.ma\/index.php?rest_route=%2Fwp%2Fv2%2Fcomments&post=10840"}],"version-history":[{"count":1,"href":"https:\/\/baralivres.ma\/index.php?rest_route=\/wp\/v2\/product\/10840\/revisions"}],"predecessor-version":[{"id":10848,"href":"https:\/\/baralivres.ma\/index.php?rest_route=\/wp\/v2\/product\/10840\/revisions\/10848"}],"wp:featuredmedia":[{"embeddable":true,"href":"https:\/\/baralivres.ma\/index.php?rest_route=\/wp\/v2\/media\/10846"}],"wp:attachment":[{"href":"https:\/\/baralivres.ma\/index.php?rest_route=%2Fwp%2Fv2%2Fmedia&parent=10840"}],"wp:term":[{"taxonomy":"product_cat","embeddable":true,"href":"https:\/\/baralivres.ma\/index.php?rest_route=%2Fwp%2Fv2%2Fproduct_cat&post=10840"},{"taxonomy":"product_tag","embeddable":true,"href":"https:\/\/baralivres.ma\/index.php?rest_route=%2Fwp%2Fv2%2Fproduct_tag&post=10840"}],"curies":[{"name":"wp","href":"https:\/\/api.w.org\/{rel}","templated":true}]}}