{"id":10834,"date":"2023-08-28T17:42:01","date_gmt":"2023-08-28T16:42:01","guid":{"rendered":"https:\/\/baralivres.ma\/?post_type=product&#038;p=10834"},"modified":"2024-11-06T18:33:38","modified_gmt":"2024-11-06T17:33:38","slug":"une-annee-de-colos-pixels-et-jeux","status":"publish","type":"product","link":"https:\/\/baralivres.ma\/?product=une-annee-de-colos-pixels-et-jeux","title":{"rendered":"Une ann\u00e9e de colos pixels et jeux"},"content":{"rendered":"<div id=\"bookDescription_feature_div\" class=\"celwidget\" data-feature-name=\"bookDescription\" data-csa-c-type=\"widget\" data-csa-c-content-id=\"bookDescription\" data-csa-c-slot-id=\"bookDescription_feature_div\" data-csa-c-asin=\"201710583X\" data-csa-c-is-in-initial-active-row=\"false\" data-csa-c-id=\"r71r0e-l0jovh-t14i2n-jkg4l0\" data-cel-widget=\"bookDescription_feature_div\">\n<div class=\"a-expander-collapsed-height a-row a-expander-container a-spacing-base a-expander-partial-collapse-container\" data-a-expander-name=\"book_description_expander\" data-a-expander-collapsed-height=\"140\">\n<div class=\"a-expander-content a-expander-partial-collapse-content\" aria-expanded=\"false\">Toute une ann\u00e9e de jeux et d&rsquo;activit\u00e9s : des coloriages pixels \u00e0 reproduire, des mini-jeux de logique et d&rsquo;observation \u00e0 r\u00e9soudre. Chaque jour, l&rsquo;enfant d\u00e9couvre une nouvelle activit\u00e9 et peut d\u00e9tacher la page de son bloc pour passer \u00e0 la suivante.<\/div>\n<\/div>\n<\/div>\n<div id=\"globalStoreInfoBullets_feature_div\" class=\"celwidget\" data-feature-name=\"globalStoreInfoBullets\" data-csa-c-type=\"widget\" data-csa-c-content-id=\"globalStoreInfoBullets\" data-csa-c-slot-id=\"globalStoreInfoBullets_feature_div\" data-csa-c-asin=\"201710583X\" data-csa-c-is-in-initial-active-row=\"false\" data-csa-c-id=\"wyxcgf-66q8xh-5vpwbx-dgesmf\" data-cel-widget=\"globalStoreInfoBullets_feature_div\"><\/div>\n<div id=\"buyingOptionNostosBadge_feature_div\" class=\"celwidget\" data-feature-name=\"buyingOptionNostosBadge\" data-csa-c-type=\"widget\" data-csa-c-content-id=\"buyingOptionNostosBadge\" data-csa-c-slot-id=\"buyingOptionNostosBadge_feature_div\" data-csa-c-asin=\"201710583X\" data-csa-c-is-in-initial-active-row=\"false\" data-csa-c-id=\"sceqo6-ji0tlt-7xosjp-omu4fv\" data-cel-widget=\"buyingOptionNostosBadge_feature_div\"><\/div>\n<div id=\"edpIngress_feature_div\" class=\"celwidget\" data-feature-name=\"edpIngress\" data-csa-c-type=\"widget\" data-csa-c-content-id=\"edpIngress\" data-csa-c-slot-id=\"edpIngress_feature_div\" data-csa-c-asin=\"201710583X\" data-csa-c-is-in-initial-active-row=\"false\" data-csa-c-id=\"w7ps9s-uqq1z7-7h03cw-9p497z\" data-cel-widget=\"edpIngress_feature_div\"><\/div>\n<div id=\"richProductInformation_feature_div\" class=\"celwidget\" data-feature-name=\"richProductInformation\" data-csa-c-type=\"widget\" data-csa-c-content-id=\"richProductInformation\" data-csa-c-slot-id=\"richProductInformation_feature_div\" data-csa-c-asin=\"201710583X\" data-csa-c-is-in-initial-active-row=\"false\" data-csa-c-id=\"rbrryk-ugl7q4-llsu4k-o29fki\" data-cel-widget=\"richProductInformation_feature_div\">\n<div id=\"rich_product_information\" class=\"a-section a-spacing-none celwidget\" data-csa-c-id=\"i09pdi-jsc7tv-108np5-o5m7ft\" data-cel-widget=\"rich_product_information\"><\/div>\n<\/div>\n","protected":false},"excerpt":{"rendered":"<p>Une activit\u00e9 est propos\u00e9e pour chaque jour de l&rsquo;ann\u00e9e : coloriage, jeu de logique ou encore jeu d&rsquo;observation.<\/p>\n","protected":false},"featured_media":10835,"comment_status":"open","ping_status":"closed","template":"","meta":{"inline_featured_image":false},"product_cat":[3875,201,200],"product_tag":[],"class_list":{"0":"post-10834","1":"product","2":"type-product","3":"status-publish","4":"has-post-thumbnail","6":"product_cat-coffret-francais","7":"product_cat-coffret","8":"product_cat-activites","10":"first","11":"instock","12":"shipping-taxable","13":"purchasable","14":"product-type-simple"},"_links":{"self":[{"href":"https:\/\/baralivres.ma\/index.php?rest_route=\/wp\/v2\/product\/10834","targetHints":{"allow":["GET"]}}],"collection":[{"href":"https:\/\/baralivres.ma\/index.php?rest_route=\/wp\/v2\/product"}],"about":[{"href":"https:\/\/baralivres.ma\/index.php?rest_route=\/wp\/v2\/types\/product"}],"replies":[{"embeddable":true,"href":"https:\/\/baralivres.ma\/index.php?rest_route=%2Fwp%2Fv2%2Fcomments&post=10834"}],"version-history":[{"count":1,"href":"https:\/\/baralivres.ma\/index.php?rest_route=\/wp\/v2\/product\/10834\/revisions"}],"predecessor-version":[{"id":10838,"href":"https:\/\/baralivres.ma\/index.php?rest_route=\/wp\/v2\/product\/10834\/revisions\/10838"}],"wp:featuredmedia":[{"embeddable":true,"href":"https:\/\/baralivres.ma\/index.php?rest_route=\/wp\/v2\/media\/10835"}],"wp:attachment":[{"href":"https:\/\/baralivres.ma\/index.php?rest_route=%2Fwp%2Fv2%2Fmedia&parent=10834"}],"wp:term":[{"taxonomy":"product_cat","embeddable":true,"href":"https:\/\/baralivres.ma\/index.php?rest_route=%2Fwp%2Fv2%2Fproduct_cat&post=10834"},{"taxonomy":"product_tag","embeddable":true,"href":"https:\/\/baralivres.ma\/index.php?rest_route=%2Fwp%2Fv2%2Fproduct_tag&post=10834"}],"curies":[{"name":"wp","href":"https:\/\/api.w.org\/{rel}","templated":true}]}}