{"id":10817,"date":"2023-08-28T17:35:57","date_gmt":"2023-08-28T16:35:57","guid":{"rendered":"https:\/\/baralivres.ma\/?post_type=product&#038;p=10817"},"modified":"2024-10-29T13:27:06","modified_gmt":"2024-10-29T12:27:06","slug":"fantastic-battle","status":"publish","type":"product","link":"https:\/\/baralivres.ma\/?product=fantastic-battle","title":{"rendered":"Fantastic Battle"},"content":{"rendered":"<p>Une collection de jeux de bataille dans des univers fantastiques ! Licornes, dragons et autres cr\u00e9atures l\u00e9gendaires s&rsquo;affrontent dans ce jeu qui puise dans les mythologies du monde&#8230; Pariez sur les points forts de vos personnages pour collecter toutes les cartes du jeu. 48 cartes \u00e0 jouer + 1 carte avec la r\u00e8gle du jeu dans une bo\u00eete tr\u00e8s pratique. Un graphisme fort, des cartes pouvoirs, des informations pr\u00e9cieuses sur chaque personnage&#8230; Pr\u00eats pour le combat ?<\/p>\n","protected":false},"excerpt":{"rendered":"<p>Une collection de jeux de bataille dans des univers fantastiques ! Licornes, dragons et autres cr\u00e9atures l\u00e9gendaires s&rsquo;affrontent dans ce jeu qui puise dans les mythologies du monde..<\/p>\n","protected":false},"featured_media":10820,"comment_status":"open","ping_status":"closed","template":"","meta":{"inline_featured_image":false},"product_cat":[3875,201,200],"product_tag":[],"class_list":{"0":"post-10817","1":"product","2":"type-product","3":"status-publish","4":"has-post-thumbnail","6":"product_cat-coffret-francais","7":"product_cat-coffret","8":"product_cat-activites","10":"first","11":"instock","12":"shipping-taxable","13":"purchasable","14":"product-type-simple"},"_links":{"self":[{"href":"https:\/\/baralivres.ma\/index.php?rest_route=\/wp\/v2\/product\/10817","targetHints":{"allow":["GET"]}}],"collection":[{"href":"https:\/\/baralivres.ma\/index.php?rest_route=\/wp\/v2\/product"}],"about":[{"href":"https:\/\/baralivres.ma\/index.php?rest_route=\/wp\/v2\/types\/product"}],"replies":[{"embeddable":true,"href":"https:\/\/baralivres.ma\/index.php?rest_route=%2Fwp%2Fv2%2Fcomments&post=10817"}],"version-history":[{"count":1,"href":"https:\/\/baralivres.ma\/index.php?rest_route=\/wp\/v2\/product\/10817\/revisions"}],"predecessor-version":[{"id":10824,"href":"https:\/\/baralivres.ma\/index.php?rest_route=\/wp\/v2\/product\/10817\/revisions\/10824"}],"wp:featuredmedia":[{"embeddable":true,"href":"https:\/\/baralivres.ma\/index.php?rest_route=\/wp\/v2\/media\/10820"}],"wp:attachment":[{"href":"https:\/\/baralivres.ma\/index.php?rest_route=%2Fwp%2Fv2%2Fmedia&parent=10817"}],"wp:term":[{"taxonomy":"product_cat","embeddable":true,"href":"https:\/\/baralivres.ma\/index.php?rest_route=%2Fwp%2Fv2%2Fproduct_cat&post=10817"},{"taxonomy":"product_tag","embeddable":true,"href":"https:\/\/baralivres.ma\/index.php?rest_route=%2Fwp%2Fv2%2Fproduct_tag&post=10817"}],"curies":[{"name":"wp","href":"https:\/\/api.w.org\/{rel}","templated":true}]}}