{"id":10811,"date":"2023-08-28T17:32:02","date_gmt":"2023-08-28T16:32:02","guid":{"rendered":"https:\/\/baralivres.ma\/?post_type=product&#038;p=10811"},"modified":"2024-11-18T16:42:18","modified_gmt":"2024-11-18T15:42:18","slug":"les-catastrophes-de-gaspard-et-lisa-tome-29","status":"publish","type":"product","link":"https:\/\/baralivres.ma\/?product=les-catastrophes-de-gaspard-et-lisa-tome-29","title":{"rendered":"Les catastrophes de Gaspard et Lisa Tome 29"},"content":{"rendered":"<p>Lisa ne comprend plus rien : Gaspard a pr\u00e9f\u00e9r\u00e9 aller au spectacle de danse de Bertille plut\u00f4t que de jouer au foot. Bertille, en plus, celle qui avait invit\u00e9 tout le monde \u00e0 son anniversaire, sauf Lisa. Catastrophe ! Gaspard serait-il amoureux ?<\/p>\n","protected":false},"excerpt":{"rendered":"<p>Lisa ne comprend plus rien : Gaspard a pr\u00e9f\u00e9r\u00e9 aller au spectacle de danse de Bertille plut\u00f4t que de jouer au foot. Bertille, en plus, celle qui avait invit\u00e9 tout le monde \u00e0 son anniversaire, sauf Lisa. Catastrophe ! Gaspard serait-il amoureux ?<\/p>\n","protected":false},"featured_media":10814,"comment_status":"open","ping_status":"closed","template":"","meta":{"inline_featured_image":false},"product_cat":[3877,199],"product_tag":[],"class_list":{"0":"post-10811","1":"product","2":"type-product","3":"status-publish","4":"has-post-thumbnail","6":"product_cat-les-histoires-francais","7":"product_cat-histoires","9":"first","10":"instock","11":"shipping-taxable","12":"purchasable","13":"product-type-simple"},"_links":{"self":[{"href":"https:\/\/baralivres.ma\/index.php?rest_route=\/wp\/v2\/product\/10811","targetHints":{"allow":["GET"]}}],"collection":[{"href":"https:\/\/baralivres.ma\/index.php?rest_route=\/wp\/v2\/product"}],"about":[{"href":"https:\/\/baralivres.ma\/index.php?rest_route=\/wp\/v2\/types\/product"}],"replies":[{"embeddable":true,"href":"https:\/\/baralivres.ma\/index.php?rest_route=%2Fwp%2Fv2%2Fcomments&post=10811"}],"version-history":[{"count":1,"href":"https:\/\/baralivres.ma\/index.php?rest_route=\/wp\/v2\/product\/10811\/revisions"}],"predecessor-version":[{"id":10815,"href":"https:\/\/baralivres.ma\/index.php?rest_route=\/wp\/v2\/product\/10811\/revisions\/10815"}],"wp:featuredmedia":[{"embeddable":true,"href":"https:\/\/baralivres.ma\/index.php?rest_route=\/wp\/v2\/media\/10814"}],"wp:attachment":[{"href":"https:\/\/baralivres.ma\/index.php?rest_route=%2Fwp%2Fv2%2Fmedia&parent=10811"}],"wp:term":[{"taxonomy":"product_cat","embeddable":true,"href":"https:\/\/baralivres.ma\/index.php?rest_route=%2Fwp%2Fv2%2Fproduct_cat&post=10811"},{"taxonomy":"product_tag","embeddable":true,"href":"https:\/\/baralivres.ma\/index.php?rest_route=%2Fwp%2Fv2%2Fproduct_tag&post=10811"}],"curies":[{"name":"wp","href":"https:\/\/api.w.org\/{rel}","templated":true}]}}