{"id":10809,"date":"2023-08-28T17:31:28","date_gmt":"2023-08-28T16:31:28","guid":{"rendered":"https:\/\/baralivres.ma\/?post_type=product&#038;p=10809"},"modified":"2024-10-29T13:27:48","modified_gmt":"2024-10-29T12:27:48","slug":"horror-battle","status":"publish","type":"product","link":"https:\/\/baralivres.ma\/?product=horror-battle","title":{"rendered":"Horror Battle"},"content":{"rendered":"<p>Une collection de jeux de bataille aux univers fantastiques ! Cr\u00e9atures l\u00e9gendaires et personnages mythiques s&rsquo;affrontent dans une battle qui s&rsquo;annonce sanglante&#8230; Pariez sur les points forts de vos personnages pour collecter toutes les cartes du jeu. 48 cartes \u00e0 jouer + 1 carte avec la r\u00e8gle du jeu dans une bo\u00eete tr\u00e8s pratique. Un graphisme fort, des cartes pouvoirs, des informations pr\u00e9cieuses sur chaque personnage&#8230; Pr\u00eats pour le combat ?<\/p>\n","protected":false},"excerpt":{"rendered":"<p>Tu tiens entre tes mains une nouvelle g\u00e9n\u00e9ration de jeux de bataille o\u00f9 s&rsquo;affrontent cr\u00e9atures l\u00e9gendaires et personnages mythiques.<\/p>\n","protected":false},"featured_media":10812,"comment_status":"open","ping_status":"closed","template":"","meta":{"inline_featured_image":false},"product_cat":[3875,201,200],"product_tag":[],"class_list":{"0":"post-10809","1":"product","2":"type-product","3":"status-publish","4":"has-post-thumbnail","6":"product_cat-coffret-francais","7":"product_cat-coffret","8":"product_cat-activites","10":"first","11":"instock","12":"shipping-taxable","13":"purchasable","14":"product-type-simple"},"_links":{"self":[{"href":"https:\/\/baralivres.ma\/index.php?rest_route=\/wp\/v2\/product\/10809","targetHints":{"allow":["GET"]}}],"collection":[{"href":"https:\/\/baralivres.ma\/index.php?rest_route=\/wp\/v2\/product"}],"about":[{"href":"https:\/\/baralivres.ma\/index.php?rest_route=\/wp\/v2\/types\/product"}],"replies":[{"embeddable":true,"href":"https:\/\/baralivres.ma\/index.php?rest_route=%2Fwp%2Fv2%2Fcomments&post=10809"}],"version-history":[{"count":2,"href":"https:\/\/baralivres.ma\/index.php?rest_route=\/wp\/v2\/product\/10809\/revisions"}],"predecessor-version":[{"id":10818,"href":"https:\/\/baralivres.ma\/index.php?rest_route=\/wp\/v2\/product\/10809\/revisions\/10818"}],"wp:featuredmedia":[{"embeddable":true,"href":"https:\/\/baralivres.ma\/index.php?rest_route=\/wp\/v2\/media\/10812"}],"wp:attachment":[{"href":"https:\/\/baralivres.ma\/index.php?rest_route=%2Fwp%2Fv2%2Fmedia&parent=10809"}],"wp:term":[{"taxonomy":"product_cat","embeddable":true,"href":"https:\/\/baralivres.ma\/index.php?rest_route=%2Fwp%2Fv2%2Fproduct_cat&post=10809"},{"taxonomy":"product_tag","embeddable":true,"href":"https:\/\/baralivres.ma\/index.php?rest_route=%2Fwp%2Fv2%2Fproduct_tag&post=10809"}],"curies":[{"name":"wp","href":"https:\/\/api.w.org\/{rel}","templated":true}]}}