{"id":10807,"date":"2023-08-28T17:27:18","date_gmt":"2023-08-28T16:27:18","guid":{"rendered":"https:\/\/baralivres.ma\/?post_type=product&#038;p=10807"},"modified":"2024-11-18T16:42:46","modified_gmt":"2024-11-18T15:42:46","slug":"slugterra-3","status":"publish","type":"product","link":"https:\/\/baralivres.ma\/?product=slugterra-3","title":{"rendered":"Slugterra"},"content":{"rendered":"<p>Le jour de ses 15 ans, Eli Shane d\u00e9couvre enfin le monde souterrain de Slugterra dont son p\u00e8re lui a tant parl\u00e9 avant de dispara\u00eetre. Mais, il a tout \u00e0 apprendre et ce nouvel univers est plein de dangers. Avec l&rsquo;aide de sa fid\u00e8le slug Burpy, le jeune gar\u00e7on va devoir s&rsquo;adapter tr\u00e8s vite \u00e0 son nouvel environnement.<\/p>\n","protected":false},"excerpt":{"rendered":"<p>Le jour de ses 15 ans, Eli Shane d\u00e9couvre enfin le monde souterrain de Slugterra dont son p\u00e8re lui a tant parl\u00e9 avant de dispara\u00eetre.<\/p>\n","protected":false},"featured_media":10808,"comment_status":"open","ping_status":"closed","template":"","meta":{"inline_featured_image":false},"product_cat":[3877,199],"product_tag":[],"class_list":{"0":"post-10807","1":"product","2":"type-product","3":"status-publish","4":"has-post-thumbnail","6":"product_cat-les-histoires-francais","7":"product_cat-histoires","9":"first","10":"instock","11":"shipping-taxable","12":"purchasable","13":"product-type-simple"},"_links":{"self":[{"href":"https:\/\/baralivres.ma\/index.php?rest_route=\/wp\/v2\/product\/10807","targetHints":{"allow":["GET"]}}],"collection":[{"href":"https:\/\/baralivres.ma\/index.php?rest_route=\/wp\/v2\/product"}],"about":[{"href":"https:\/\/baralivres.ma\/index.php?rest_route=\/wp\/v2\/types\/product"}],"replies":[{"embeddable":true,"href":"https:\/\/baralivres.ma\/index.php?rest_route=%2Fwp%2Fv2%2Fcomments&post=10807"}],"version-history":[{"count":1,"href":"https:\/\/baralivres.ma\/index.php?rest_route=\/wp\/v2\/product\/10807\/revisions"}],"predecessor-version":[{"id":10810,"href":"https:\/\/baralivres.ma\/index.php?rest_route=\/wp\/v2\/product\/10807\/revisions\/10810"}],"wp:featuredmedia":[{"embeddable":true,"href":"https:\/\/baralivres.ma\/index.php?rest_route=\/wp\/v2\/media\/10808"}],"wp:attachment":[{"href":"https:\/\/baralivres.ma\/index.php?rest_route=%2Fwp%2Fv2%2Fmedia&parent=10807"}],"wp:term":[{"taxonomy":"product_cat","embeddable":true,"href":"https:\/\/baralivres.ma\/index.php?rest_route=%2Fwp%2Fv2%2Fproduct_cat&post=10807"},{"taxonomy":"product_tag","embeddable":true,"href":"https:\/\/baralivres.ma\/index.php?rest_route=%2Fwp%2Fv2%2Fproduct_tag&post=10807"}],"curies":[{"name":"wp","href":"https:\/\/api.w.org\/{rel}","templated":true}]}}