{"id":10798,"date":"2023-08-28T17:20:14","date_gmt":"2023-08-28T16:20:14","guid":{"rendered":"https:\/\/baralivres.ma\/?post_type=product&#038;p=10798"},"modified":"2024-11-18T16:43:54","modified_gmt":"2024-11-18T15:43:54","slug":"star-wars-les-derniers-jedi","status":"publish","type":"product","link":"https:\/\/baralivres.ma\/?product=star-wars-les-derniers-jedi","title":{"rendered":"Star Wars &#8211; Les derniers jedi"},"content":{"rendered":"<p>Red\u00e9couvre l&rsquo;histoire de l&rsquo;\u00e9pisode Star Wars : Les derniers Jedi ! Rey retrouve enfin Luke Skywalker ! Il accepte de former la jeune fille aux arts Jedi. Mais le Premier Ordre r\u00e8gne d\u00e9sormais sur la galaxie et pourchasse les membres de la R\u00e9sistance. L&rsquo;\u00e9quilibre de la Force n&rsquo;a jamais \u00e9t\u00e9 aussi menac\u00e9e&#8230;<\/p>\n","protected":false},"excerpt":{"rendered":"<p>Red\u00e9couvre l&rsquo;histoire de l&rsquo;\u00e9pisode Star Wars : Les derniers Jedi ! Rey retrouve enfin Luke Skywalker ! Il accepte de former la jeune fille aux arts Jedi. Mais le Premier Ordre r\u00e8gne d\u00e9sormais sur la galaxie et pourchasse les membres de la R\u00e9sistance. L&rsquo;\u00e9quilibre de la Force n&rsquo;a jamais \u00e9t\u00e9 aussi menac\u00e9e&#8230;<\/p>\n","protected":false},"featured_media":10799,"comment_status":"open","ping_status":"closed","template":"","meta":{"inline_featured_image":false},"product_cat":[3877,199],"product_tag":[],"class_list":{"0":"post-10798","1":"product","2":"type-product","3":"status-publish","4":"has-post-thumbnail","6":"product_cat-les-histoires-francais","7":"product_cat-histoires","9":"first","10":"instock","11":"shipping-taxable","12":"purchasable","13":"product-type-simple"},"_links":{"self":[{"href":"https:\/\/baralivres.ma\/index.php?rest_route=\/wp\/v2\/product\/10798","targetHints":{"allow":["GET"]}}],"collection":[{"href":"https:\/\/baralivres.ma\/index.php?rest_route=\/wp\/v2\/product"}],"about":[{"href":"https:\/\/baralivres.ma\/index.php?rest_route=\/wp\/v2\/types\/product"}],"replies":[{"embeddable":true,"href":"https:\/\/baralivres.ma\/index.php?rest_route=%2Fwp%2Fv2%2Fcomments&post=10798"}],"version-history":[{"count":1,"href":"https:\/\/baralivres.ma\/index.php?rest_route=\/wp\/v2\/product\/10798\/revisions"}],"predecessor-version":[{"id":10800,"href":"https:\/\/baralivres.ma\/index.php?rest_route=\/wp\/v2\/product\/10798\/revisions\/10800"}],"wp:featuredmedia":[{"embeddable":true,"href":"https:\/\/baralivres.ma\/index.php?rest_route=\/wp\/v2\/media\/10799"}],"wp:attachment":[{"href":"https:\/\/baralivres.ma\/index.php?rest_route=%2Fwp%2Fv2%2Fmedia&parent=10798"}],"wp:term":[{"taxonomy":"product_cat","embeddable":true,"href":"https:\/\/baralivres.ma\/index.php?rest_route=%2Fwp%2Fv2%2Fproduct_cat&post=10798"},{"taxonomy":"product_tag","embeddable":true,"href":"https:\/\/baralivres.ma\/index.php?rest_route=%2Fwp%2Fv2%2Fproduct_tag&post=10798"}],"curies":[{"name":"wp","href":"https:\/\/api.w.org\/{rel}","templated":true}]}}