{"id":10775,"date":"2023-08-28T17:03:33","date_gmt":"2023-08-28T16:03:33","guid":{"rendered":"https:\/\/baralivres.ma\/?post_type=product&#038;p=10775"},"modified":"2024-11-18T16:36:09","modified_gmt":"2024-11-18T15:36:09","slug":"la-belle-et-la-bete-2","status":"publish","type":"product","link":"https:\/\/baralivres.ma\/?product=la-belle-et-la-bete-2","title":{"rendered":"La Belle et la B\u00eate"},"content":{"rendered":"<p>Voici l&rsquo;histoire du destin merveilleux de Belle, une jolie, intelligente et ind\u00e9pendante jeune fille, qui est emprisonn\u00e9e dans un ch\u00e2teau par une B\u00eate terrifiante. Malgr\u00e9 sa peur, elle se lie d&rsquo;amiti\u00e9 avec les objets anim\u00e9s qui vivent dans le ch\u00e2teau. Elle apprend \u00e0 regarder au-del\u00e0 de l&rsquo;apparence hideuse de la B\u00eate et d\u00e9couvre le prince au coeur d&rsquo;or qui se cache derri\u00e8re<\/p>\n","protected":false},"excerpt":{"rendered":"<p>Voici l&rsquo;histoire du destin merveilleux de Belle, une jolie, intelligente et ind\u00e9pendante jeune fille, qui est emprisonn\u00e9e dans un ch\u00e2teau par une B\u00eate terrifiante.<\/p>\n","protected":false},"featured_media":10777,"comment_status":"open","ping_status":"closed","template":"","meta":{"inline_featured_image":false},"product_cat":[3877,199],"product_tag":[],"class_list":{"0":"post-10775","1":"product","2":"type-product","3":"status-publish","4":"has-post-thumbnail","6":"product_cat-les-histoires-francais","7":"product_cat-histoires","9":"first","10":"instock","11":"shipping-taxable","12":"purchasable","13":"product-type-simple"},"_links":{"self":[{"href":"https:\/\/baralivres.ma\/index.php?rest_route=\/wp\/v2\/product\/10775","targetHints":{"allow":["GET"]}}],"collection":[{"href":"https:\/\/baralivres.ma\/index.php?rest_route=\/wp\/v2\/product"}],"about":[{"href":"https:\/\/baralivres.ma\/index.php?rest_route=\/wp\/v2\/types\/product"}],"replies":[{"embeddable":true,"href":"https:\/\/baralivres.ma\/index.php?rest_route=%2Fwp%2Fv2%2Fcomments&post=10775"}],"version-history":[{"count":2,"href":"https:\/\/baralivres.ma\/index.php?rest_route=\/wp\/v2\/product\/10775\/revisions"}],"predecessor-version":[{"id":10783,"href":"https:\/\/baralivres.ma\/index.php?rest_route=\/wp\/v2\/product\/10775\/revisions\/10783"}],"wp:featuredmedia":[{"embeddable":true,"href":"https:\/\/baralivres.ma\/index.php?rest_route=\/wp\/v2\/media\/10777"}],"wp:attachment":[{"href":"https:\/\/baralivres.ma\/index.php?rest_route=%2Fwp%2Fv2%2Fmedia&parent=10775"}],"wp:term":[{"taxonomy":"product_cat","embeddable":true,"href":"https:\/\/baralivres.ma\/index.php?rest_route=%2Fwp%2Fv2%2Fproduct_cat&post=10775"},{"taxonomy":"product_tag","embeddable":true,"href":"https:\/\/baralivres.ma\/index.php?rest_route=%2Fwp%2Fv2%2Fproduct_tag&post=10775"}],"curies":[{"name":"wp","href":"https:\/\/api.w.org\/{rel}","templated":true}]}}