{"id":10752,"date":"2023-08-28T16:51:33","date_gmt":"2023-08-28T15:51:33","guid":{"rendered":"https:\/\/baralivres.ma\/?post_type=product&#038;p=10752"},"modified":"2024-10-29T13:29:07","modified_gmt":"2024-10-29T12:29:07","slug":"super-kit-danniversaire-spider-man","status":"publish","type":"product","link":"https:\/\/baralivres.ma\/?product=super-kit-danniversaire-spider-man","title":{"rendered":"Super kit d&rsquo;anniversaire Spider-Man"},"content":{"rendered":"<p>Dans cette pochette, le kit complet pour organiser une f\u00eate d&rsquo;anniversaire aux couleurs de tes h\u00e9ros Marvel pr\u00e9f\u00e9r\u00e9s ! &#8211; 10 invitations personnalis\u00e9es \u00e0 compl\u00e9ter ; &#8211; 1 guirlande d\u00e9corative en papier de 1 m\u00e8tre ; &#8211; 7 masques avec \u00e9lastiques pour se d\u00e9guiser ; &#8211; 7 coloriages pour s&rsquo;amuser pendant la f\u00eate ; &#8211; 1 livret destin\u00e9 aux parents avec des id\u00e9es de jeux, des tutos et des recettes pour animer la f\u00eate de A \u00e0 Z<\/p>\n","protected":false},"excerpt":{"rendered":"<p>Dans cette pochette, le kit complet pour organiser une f\u00eate d&rsquo;anniversaire aux couleurs de tes h\u00e9ros Marvel pr\u00e9f\u00e9r\u00e9s ! &#8211; 10 invitations personnalis\u00e9es \u00e0 compl\u00e9ter ; &#8211; 1 guirlande d\u00e9corative en papier de 1 m\u00e8tre ; &#8211; 7 masques avec \u00e9lastiques pour se d\u00e9guiser ; &#8211; 7 coloriages pour s&rsquo;amuser pendant la f\u00eate ; &#8211; [&hellip;]<\/p>\n","protected":false},"featured_media":10754,"comment_status":"open","ping_status":"closed","template":"","meta":{"inline_featured_image":false},"product_cat":[3875,215,201,200],"product_tag":[],"class_list":{"0":"post-10752","1":"product","2":"type-product","3":"status-publish","4":"has-post-thumbnail","6":"product_cat-coffret-francais","7":"product_cat-enfant","8":"product_cat-coffret","9":"product_cat-activites","11":"first","12":"instock","13":"shipping-taxable","14":"purchasable","15":"product-type-simple"},"_links":{"self":[{"href":"https:\/\/baralivres.ma\/index.php?rest_route=\/wp\/v2\/product\/10752","targetHints":{"allow":["GET"]}}],"collection":[{"href":"https:\/\/baralivres.ma\/index.php?rest_route=\/wp\/v2\/product"}],"about":[{"href":"https:\/\/baralivres.ma\/index.php?rest_route=\/wp\/v2\/types\/product"}],"replies":[{"embeddable":true,"href":"https:\/\/baralivres.ma\/index.php?rest_route=%2Fwp%2Fv2%2Fcomments&post=10752"}],"version-history":[{"count":1,"href":"https:\/\/baralivres.ma\/index.php?rest_route=\/wp\/v2\/product\/10752\/revisions"}],"predecessor-version":[{"id":10755,"href":"https:\/\/baralivres.ma\/index.php?rest_route=\/wp\/v2\/product\/10752\/revisions\/10755"}],"wp:featuredmedia":[{"embeddable":true,"href":"https:\/\/baralivres.ma\/index.php?rest_route=\/wp\/v2\/media\/10754"}],"wp:attachment":[{"href":"https:\/\/baralivres.ma\/index.php?rest_route=%2Fwp%2Fv2%2Fmedia&parent=10752"}],"wp:term":[{"taxonomy":"product_cat","embeddable":true,"href":"https:\/\/baralivres.ma\/index.php?rest_route=%2Fwp%2Fv2%2Fproduct_cat&post=10752"},{"taxonomy":"product_tag","embeddable":true,"href":"https:\/\/baralivres.ma\/index.php?rest_route=%2Fwp%2Fv2%2Fproduct_tag&post=10752"}],"curies":[{"name":"wp","href":"https:\/\/api.w.org\/{rel}","templated":true}]}}