{"id":10722,"date":"2023-08-28T16:30:30","date_gmt":"2023-08-28T15:30:30","guid":{"rendered":"https:\/\/baralivres.ma\/?post_type=product&#038;p=10722"},"modified":"2024-10-29T13:31:21","modified_gmt":"2024-10-29T12:31:21","slug":"ma-pochette-de-creation-avec-3-tableaux-a-gratter","status":"publish","type":"product","link":"https:\/\/baralivres.ma\/?product=ma-pochette-de-creation-avec-3-tableaux-a-gratter","title":{"rendered":"Ma pochette de cr\u00e9ation &#8211; Avec 3 tableaux \u00e0 gratter."},"content":{"rendered":"<p>Une pochette remplie d&rsquo;accessoires pour laisser s&rsquo;exprimer ton imagination. Des cartes \u00e0 gratter. des tableaux \u00e0 d\u00e9corer et des sc\u00e8nes \u00e0 colorier pour cr\u00e9er avec les h\u00e9ros des grands classiques Disney !<\/p>\n","protected":false},"excerpt":{"rendered":"<p>Une pochette remplie d&rsquo;accessoires pour laisser s&rsquo;exprimer ton imagination. Des cartes \u00e0 gratter. des tableaux \u00e0 d\u00e9corer et des sc\u00e8nes \u00e0 colorier pour cr\u00e9er avec les h\u00e9ros des grands classiques Disney !<\/p>\n","protected":false},"featured_media":10723,"comment_status":"open","ping_status":"closed","template":"","meta":{"inline_featured_image":false},"product_cat":[3875,215,211,201,210,200],"product_tag":[],"class_list":{"0":"post-10722","1":"product","2":"type-product","3":"status-publish","4":"has-post-thumbnail","6":"product_cat-coffret-francais","7":"product_cat-enfant","8":"product_cat-carte-a-gratter","9":"product_cat-coffret","10":"product_cat-activites-bebe-enfant","11":"product_cat-activites","13":"first","14":"instock","15":"shipping-taxable","16":"purchasable","17":"product-type-simple"},"_links":{"self":[{"href":"https:\/\/baralivres.ma\/index.php?rest_route=\/wp\/v2\/product\/10722","targetHints":{"allow":["GET"]}}],"collection":[{"href":"https:\/\/baralivres.ma\/index.php?rest_route=\/wp\/v2\/product"}],"about":[{"href":"https:\/\/baralivres.ma\/index.php?rest_route=\/wp\/v2\/types\/product"}],"replies":[{"embeddable":true,"href":"https:\/\/baralivres.ma\/index.php?rest_route=%2Fwp%2Fv2%2Fcomments&post=10722"}],"version-history":[{"count":1,"href":"https:\/\/baralivres.ma\/index.php?rest_route=\/wp\/v2\/product\/10722\/revisions"}],"predecessor-version":[{"id":10725,"href":"https:\/\/baralivres.ma\/index.php?rest_route=\/wp\/v2\/product\/10722\/revisions\/10725"}],"wp:featuredmedia":[{"embeddable":true,"href":"https:\/\/baralivres.ma\/index.php?rest_route=\/wp\/v2\/media\/10723"}],"wp:attachment":[{"href":"https:\/\/baralivres.ma\/index.php?rest_route=%2Fwp%2Fv2%2Fmedia&parent=10722"}],"wp:term":[{"taxonomy":"product_cat","embeddable":true,"href":"https:\/\/baralivres.ma\/index.php?rest_route=%2Fwp%2Fv2%2Fproduct_cat&post=10722"},{"taxonomy":"product_tag","embeddable":true,"href":"https:\/\/baralivres.ma\/index.php?rest_route=%2Fwp%2Fv2%2Fproduct_tag&post=10722"}],"curies":[{"name":"wp","href":"https:\/\/api.w.org\/{rel}","templated":true}]}}