{"id":10719,"date":"2023-08-28T16:23:47","date_gmt":"2023-08-28T15:23:47","guid":{"rendered":"https:\/\/baralivres.ma\/?post_type=product&#038;p=10719"},"modified":"2024-11-04T17:27:41","modified_gmt":"2024-11-04T16:27:41","slug":"ma-pochette-de-princesses-a-gratter","status":"publish","type":"product","link":"https:\/\/baralivres.ma\/?product=ma-pochette-de-princesses-a-gratter","title":{"rendered":"Ma pochette de princesses \u00e0 gratter"},"content":{"rendered":"<div id=\"resume\" class=\" fp-wide--block fp-wide--block-resume \">\n<div class=\"content\">Deviens la plus jolie des princesses avec cette pochette cr\u00e9ative ! Personnalise tes couronnes et porte-les pour toutes les occasions. Prolonge la magie avec tes cartes \u00e0 gratter avec le stylet. qui te r\u00e9v\u00e9leront de superbes sc\u00e8nes arc-en-ciel !<\/div>\n<\/div>\n","protected":false},"excerpt":{"rendered":"<p>Deviens la plus jolie des princesses avec cette pochette cr\u00e9ative ! Personnalise tes couronnes et porte-les pour toutes les occasions. Prolonge la magie avec tes cartes \u00e0 gratter avec le stylet. qui te r\u00e9v\u00e9leront de superbes sc\u00e8nes arc-en-ciel !<\/p>\n","protected":false},"featured_media":10720,"comment_status":"open","ping_status":"closed","template":"","meta":{"inline_featured_image":false},"product_cat":[211],"product_tag":[],"class_list":{"0":"post-10719","1":"product","2":"type-product","3":"status-publish","4":"has-post-thumbnail","6":"product_cat-carte-a-gratter","8":"first","9":"instock","10":"shipping-taxable","11":"purchasable","12":"product-type-simple"},"_links":{"self":[{"href":"https:\/\/baralivres.ma\/index.php?rest_route=\/wp\/v2\/product\/10719","targetHints":{"allow":["GET"]}}],"collection":[{"href":"https:\/\/baralivres.ma\/index.php?rest_route=\/wp\/v2\/product"}],"about":[{"href":"https:\/\/baralivres.ma\/index.php?rest_route=\/wp\/v2\/types\/product"}],"replies":[{"embeddable":true,"href":"https:\/\/baralivres.ma\/index.php?rest_route=%2Fwp%2Fv2%2Fcomments&post=10719"}],"version-history":[{"count":2,"href":"https:\/\/baralivres.ma\/index.php?rest_route=\/wp\/v2\/product\/10719\/revisions"}],"predecessor-version":[{"id":12083,"href":"https:\/\/baralivres.ma\/index.php?rest_route=\/wp\/v2\/product\/10719\/revisions\/12083"}],"wp:featuredmedia":[{"embeddable":true,"href":"https:\/\/baralivres.ma\/index.php?rest_route=\/wp\/v2\/media\/10720"}],"wp:attachment":[{"href":"https:\/\/baralivres.ma\/index.php?rest_route=%2Fwp%2Fv2%2Fmedia&parent=10719"}],"wp:term":[{"taxonomy":"product_cat","embeddable":true,"href":"https:\/\/baralivres.ma\/index.php?rest_route=%2Fwp%2Fv2%2Fproduct_cat&post=10719"},{"taxonomy":"product_tag","embeddable":true,"href":"https:\/\/baralivres.ma\/index.php?rest_route=%2Fwp%2Fv2%2Fproduct_tag&post=10719"}],"curies":[{"name":"wp","href":"https:\/\/api.w.org\/{rel}","templated":true}]}}