{"id":10579,"date":"2023-08-25T17:04:32","date_gmt":"2023-08-25T16:04:32","guid":{"rendered":"https:\/\/baralivres.ma\/?post_type=product&#038;p=10579"},"modified":"2024-11-05T14:04:06","modified_gmt":"2024-11-05T13:04:06","slug":"les-bebes-animaux","status":"publish","type":"product","link":"https:\/\/baralivres.ma\/?product=les-bebes-animaux","title":{"rendered":"Les b\u00e9b\u00e9s animaux"},"content":{"rendered":"<p>Dans ce livre les jeunes enfants vont faire la connaissance des b\u00e9b\u00e9s animaux. En photographies, avec des textures \u00e0 toucher et 6 puces sonores, ils vont d\u00e9couvrir le jappement du chiot, le rugissement du lionceau, le manchot, le chaton et l&rsquo;\u00e9l\u00e9phanteau. Etonnement et \u00e9clats de rire garantis !<\/p>\n","protected":false},"excerpt":{"rendered":"<p>Dans ce livre les jeunes enfants vont faire la connaissance des b\u00e9b\u00e9s animaux. En photographies, avec des textures \u00e0 toucher et 6 puces sonores, ils vont d\u00e9couvrir le jappement du chiot, le rugissement du lionceau, le manchot, le chaton et l&rsquo;\u00e9l\u00e9phanteau. Etonnement et \u00e9clats de rire garantis !<\/p>\n","protected":false},"featured_media":10586,"comment_status":"open","ping_status":"closed","template":"","meta":{"inline_featured_image":false},"product_cat":[3944,197],"product_tag":[],"class_list":{"0":"post-10579","1":"product","2":"type-product","3":"status-publish","4":"has-post-thumbnail","6":"product_cat-les-livres-sonore-francais","7":"product_cat-livre-sonore","9":"first","10":"instock","11":"shipping-taxable","12":"purchasable","13":"product-type-simple"},"_links":{"self":[{"href":"https:\/\/baralivres.ma\/index.php?rest_route=\/wp\/v2\/product\/10579","targetHints":{"allow":["GET"]}}],"collection":[{"href":"https:\/\/baralivres.ma\/index.php?rest_route=\/wp\/v2\/product"}],"about":[{"href":"https:\/\/baralivres.ma\/index.php?rest_route=\/wp\/v2\/types\/product"}],"replies":[{"embeddable":true,"href":"https:\/\/baralivres.ma\/index.php?rest_route=%2Fwp%2Fv2%2Fcomments&post=10579"}],"version-history":[{"count":1,"href":"https:\/\/baralivres.ma\/index.php?rest_route=\/wp\/v2\/product\/10579\/revisions"}],"predecessor-version":[{"id":10593,"href":"https:\/\/baralivres.ma\/index.php?rest_route=\/wp\/v2\/product\/10579\/revisions\/10593"}],"wp:featuredmedia":[{"embeddable":true,"href":"https:\/\/baralivres.ma\/index.php?rest_route=\/wp\/v2\/media\/10586"}],"wp:attachment":[{"href":"https:\/\/baralivres.ma\/index.php?rest_route=%2Fwp%2Fv2%2Fmedia&parent=10579"}],"wp:term":[{"taxonomy":"product_cat","embeddable":true,"href":"https:\/\/baralivres.ma\/index.php?rest_route=%2Fwp%2Fv2%2Fproduct_cat&post=10579"},{"taxonomy":"product_tag","embeddable":true,"href":"https:\/\/baralivres.ma\/index.php?rest_route=%2Fwp%2Fv2%2Fproduct_tag&post=10579"}],"curies":[{"name":"wp","href":"https:\/\/api.w.org\/{rel}","templated":true}]}}