{"id":10508,"date":"2023-08-25T16:37:49","date_gmt":"2023-08-25T15:37:49","guid":{"rendered":"https:\/\/baralivres.ma\/?post_type=product&#038;p=10508"},"modified":"2024-11-06T22:28:59","modified_gmt":"2024-11-06T21:28:59","slug":"je-parle-anglais","status":"publish","type":"product","link":"https:\/\/baralivres.ma\/?product=je-parle-anglais","title":{"rendered":"Je parle anglais"},"content":{"rendered":"<p>80 fiches plastifi\u00e9es pour apprendre des mots en anglais. La bo\u00eete se replie comme un chevalet pour dessiner en toutes occasions. Le feutre est effa\u00e7able et les fiches sont plastifi\u00e9es pour effacer et recommencer.<\/p>\n","protected":false},"excerpt":{"rendered":"<div id=\"bookDescription_feature_div\" class=\"celwidget\" data-feature-name=\"bookDescription\" data-csa-c-type=\"widget\" data-csa-c-content-id=\"bookDescription\" data-csa-c-slot-id=\"bookDescription_feature_div\" data-csa-c-asin=\"2359903713\" data-csa-c-is-in-initial-active-row=\"false\" data-csa-c-id=\"a3f21k-jxvo5z-sjzj04-ljq3hk\" data-cel-widget=\"bookDescription_feature_div\">\n<div class=\"a-expander-collapsed-height a-row a-expander-container a-spacing-base a-expander-partial-collapse-container\" data-a-expander-name=\"book_description_expander\" data-a-expander-collapsed-height=\"140\">\n<div class=\"a-expander-content a-expander-partial-collapse-content\" aria-expanded=\"false\"><span class=\"a-text-bold\">Je parle anglais<\/span>\u00a0. 200\u00a0mots de vocabulaire, la phon\u00e9tique simplifi\u00e9e et des jeux pour apprendre en s&rsquo;amusant..<\/div>\n<\/div>\n<\/div>\n<div id=\"globalStoreInfoBullets_feature_div\" class=\"celwidget\" data-feature-name=\"globalStoreInfoBullets\" data-csa-c-type=\"widget\" data-csa-c-content-id=\"globalStoreInfoBullets\" data-csa-c-slot-id=\"globalStoreInfoBullets_feature_div\" data-csa-c-asin=\"2359903713\" data-csa-c-is-in-initial-active-row=\"false\" data-csa-c-id=\"pawh7k-ut7184-71g66y-8pz1v1\" data-cel-widget=\"globalStoreInfoBullets_feature_div\"><\/div>\n<div id=\"buyingOptionNostosBadge_feature_div\" class=\"celwidget\" data-feature-name=\"buyingOptionNostosBadge\" data-csa-c-type=\"widget\" data-csa-c-content-id=\"buyingOptionNostosBadge\" data-csa-c-slot-id=\"buyingOptionNostosBadge_feature_div\" data-csa-c-asin=\"2359903713\" data-csa-c-is-in-initial-active-row=\"false\" data-csa-c-id=\"wxtdy8-umv0gg-4x7nxr-vf395r\" data-cel-widget=\"buyingOptionNostosBadge_feature_div\"><\/div>\n<div id=\"edpIngress_feature_div\" class=\"celwidget\" data-feature-name=\"edpIngress\" data-csa-c-type=\"widget\" data-csa-c-content-id=\"edpIngress\" data-csa-c-slot-id=\"edpIngress_feature_div\" data-csa-c-asin=\"2359903713\" data-csa-c-is-in-initial-active-row=\"false\" data-csa-c-id=\"oy5g1e-net154-uxxlq3-hdu707\" data-cel-widget=\"edpIngress_feature_div\"><\/div>\n<div id=\"richProductInformation_feature_div\" class=\"celwidget\" data-feature-name=\"richProductInformation\" data-csa-c-type=\"widget\" data-csa-c-content-id=\"richProductInformation\" data-csa-c-slot-id=\"richProductInformation_feature_div\" data-csa-c-asin=\"2359903713\" data-csa-c-is-in-initial-active-row=\"false\" data-csa-c-id=\"e8apto-5bd6bh-mtxdsr-n3fy90\" data-cel-widget=\"richProductInformation_feature_div\">\n<div id=\"rich_product_information\" class=\"a-section a-spacing-none celwidget\" data-csa-c-id=\"wzshyo-5ncof0-6y4npm-ldgolc\" data-cel-widget=\"rich_product_information\"><\/div>\n<\/div>\n","protected":false},"featured_media":10520,"comment_status":"open","ping_status":"closed","template":"","meta":{"inline_featured_image":false},"product_cat":[210,200],"product_tag":[],"class_list":{"0":"post-10508","1":"product","2":"type-product","3":"status-publish","4":"has-post-thumbnail","6":"product_cat-activites-bebe-enfant","7":"product_cat-activites","9":"first","10":"instock","11":"shipping-taxable","12":"purchasable","13":"product-type-simple"},"_links":{"self":[{"href":"https:\/\/baralivres.ma\/index.php?rest_route=\/wp\/v2\/product\/10508","targetHints":{"allow":["GET"]}}],"collection":[{"href":"https:\/\/baralivres.ma\/index.php?rest_route=\/wp\/v2\/product"}],"about":[{"href":"https:\/\/baralivres.ma\/index.php?rest_route=\/wp\/v2\/types\/product"}],"replies":[{"embeddable":true,"href":"https:\/\/baralivres.ma\/index.php?rest_route=%2Fwp%2Fv2%2Fcomments&post=10508"}],"version-history":[{"count":1,"href":"https:\/\/baralivres.ma\/index.php?rest_route=\/wp\/v2\/product\/10508\/revisions"}],"predecessor-version":[{"id":10521,"href":"https:\/\/baralivres.ma\/index.php?rest_route=\/wp\/v2\/product\/10508\/revisions\/10521"}],"wp:featuredmedia":[{"embeddable":true,"href":"https:\/\/baralivres.ma\/index.php?rest_route=\/wp\/v2\/media\/10520"}],"wp:attachment":[{"href":"https:\/\/baralivres.ma\/index.php?rest_route=%2Fwp%2Fv2%2Fmedia&parent=10508"}],"wp:term":[{"taxonomy":"product_cat","embeddable":true,"href":"https:\/\/baralivres.ma\/index.php?rest_route=%2Fwp%2Fv2%2Fproduct_cat&post=10508"},{"taxonomy":"product_tag","embeddable":true,"href":"https:\/\/baralivres.ma\/index.php?rest_route=%2Fwp%2Fv2%2Fproduct_tag&post=10508"}],"curies":[{"name":"wp","href":"https:\/\/api.w.org\/{rel}","templated":true}]}}