{"id":10434,"date":"2023-08-25T15:38:38","date_gmt":"2023-08-25T14:38:38","guid":{"rendered":"https:\/\/baralivres.ma\/?post_type=product&#038;p=10434"},"modified":"2024-10-29T13:37:04","modified_gmt":"2024-10-29T12:37:04","slug":"petites-betes","status":"publish","type":"product","link":"https:\/\/baralivres.ma\/?product=petites-betes","title":{"rendered":"PETITES B\u00caTES"},"content":{"rendered":"<p><span class=\"a-text-bold\">Petites B\u00eates<\/span>\u00a0. Qui tisse sa toile dans le jardin\u00a0? C&rsquo;est l&rsquo;<span class=\"a-text-bold\">araign\u00e9e<\/span>\u00a0! Ce coffret contient un livre en carton \u00e9pais et 5 puzzles \u00e0 offrir aux jeunes enfants pour leur faire d\u00e9couvrir les petites b\u00eates du jardin. Les puzzles ont des surfaces \u00e0 toucher en silicone\u00a0: picots, bulles, vaguelettes, elles sont toutes douces et de textures diff\u00e9rentes. Une activit\u00e9 sensorielle pour d\u00e9couvrir de nouvelles mati\u00e8res et apprendre \u00e0 se concentrer.<\/p>\n<ul class=\"a-unordered-list a-vertical\">\n<li><span class=\"a-list-item\"><span class=\"a-text-bold\">1 livre en carton \u00e9pais<\/span><\/span><\/li>\n<li><span class=\"a-list-item\"><span class=\"a-text-bold\">4 grandes pi\u00e8ces<\/span><\/span><\/li>\n<li><span class=\"a-list-item\"><span class=\"a-text-bold\">Des surfaces \u00e0 toucher en silicone<\/span><\/span><\/li>\n<li><span class=\"a-list-item\"><span class=\"a-text-bold\">Des puzzles grands format, de taille et de forme vari\u00e9es<\/span><\/span><\/li>\n<li><span class=\"a-list-item\"><span class=\"a-text-bold\">5 puzzles<\/span>\u00a0grand format<\/span><\/li>\n<\/ul>\n","protected":false},"excerpt":{"rendered":"<p>Petites B\u00eates\u00a0. Qui tisse sa toile dans le jardin\u00a0? C&rsquo;est l&rsquo;araign\u00e9e\u00a0! Ce coffret contient un livre en carton \u00e9pais et 5 puzzles \u00e0 offrir aux jeunes enfants pour leur faire d\u00e9couvrir les petites b\u00eates du jardin. Les puzzles ont des surfaces \u00e0 toucher en silicone\u00a0: picots, bulles, vaguelettes, elles sont toutes douces et de textures [&hellip;]<\/p>\n","protected":false},"featured_media":10438,"comment_status":"open","ping_status":"closed","template":"","meta":{"inline_featured_image":false},"product_cat":[3875,201,212,200],"product_tag":[],"class_list":{"0":"post-10434","1":"product","2":"type-product","3":"status-publish","4":"has-post-thumbnail","6":"product_cat-coffret-francais","7":"product_cat-coffret","8":"product_cat-puzzle","9":"product_cat-activites","11":"first","12":"instock","13":"shipping-taxable","14":"purchasable","15":"product-type-simple"},"_links":{"self":[{"href":"https:\/\/baralivres.ma\/index.php?rest_route=\/wp\/v2\/product\/10434","targetHints":{"allow":["GET"]}}],"collection":[{"href":"https:\/\/baralivres.ma\/index.php?rest_route=\/wp\/v2\/product"}],"about":[{"href":"https:\/\/baralivres.ma\/index.php?rest_route=\/wp\/v2\/types\/product"}],"replies":[{"embeddable":true,"href":"https:\/\/baralivres.ma\/index.php?rest_route=%2Fwp%2Fv2%2Fcomments&post=10434"}],"version-history":[{"count":1,"href":"https:\/\/baralivres.ma\/index.php?rest_route=\/wp\/v2\/product\/10434\/revisions"}],"predecessor-version":[{"id":10439,"href":"https:\/\/baralivres.ma\/index.php?rest_route=\/wp\/v2\/product\/10434\/revisions\/10439"}],"wp:featuredmedia":[{"embeddable":true,"href":"https:\/\/baralivres.ma\/index.php?rest_route=\/wp\/v2\/media\/10438"}],"wp:attachment":[{"href":"https:\/\/baralivres.ma\/index.php?rest_route=%2Fwp%2Fv2%2Fmedia&parent=10434"}],"wp:term":[{"taxonomy":"product_cat","embeddable":true,"href":"https:\/\/baralivres.ma\/index.php?rest_route=%2Fwp%2Fv2%2Fproduct_cat&post=10434"},{"taxonomy":"product_tag","embeddable":true,"href":"https:\/\/baralivres.ma\/index.php?rest_route=%2Fwp%2Fv2%2Fproduct_tag&post=10434"}],"curies":[{"name":"wp","href":"https:\/\/api.w.org\/{rel}","templated":true}]}}