{"id":10379,"date":"2023-08-25T13:50:10","date_gmt":"2023-08-25T12:50:10","guid":{"rendered":"https:\/\/baralivres.ma\/?post_type=product&#038;p=10379"},"modified":"2024-11-06T15:10:11","modified_gmt":"2024-11-06T14:10:11","slug":"le-carnaval-des-animaux","status":"publish","type":"product","link":"https:\/\/baralivres.ma\/?product=le-carnaval-des-animaux","title":{"rendered":"Le carnaval des animaux"},"content":{"rendered":"<p>5 double pages pour d\u00e9couvrir l&rsquo;histoire du Carnaval des animaux, la c\u00e9l\u00e8bre suite musicale de Camille Saint-Sa\u00ebns, \u00e0 travers 5 grands airs : La Marche royale du lion, L&rsquo;Aquarium, Voli\u00e8re, Fossiles, Le Cygne. Avec un imagier qui accompagne l&rsquo;histoire pour s&rsquo;\u00e9veiller !<\/p>\n","protected":false},"excerpt":{"rendered":"<p>5 double pages pour d\u00e9couvrir l&rsquo;histoire du Carnaval des animaux, la c\u00e9l\u00e8bre suite musicale de Camille Saint-Sa\u00ebns, \u00e0 travers 5 grands airs : La Marche royale du lion, L&rsquo;Aquarium, Voli\u00e8re, Fossiles, Le Cygne. Avec un imagier qui accompagne l&rsquo;histoire pour s&rsquo;\u00e9veiller !<\/p>\n","protected":false},"featured_media":10380,"comment_status":"open","ping_status":"closed","template":"","meta":{"inline_featured_image":false},"product_cat":[3944,197],"product_tag":[],"class_list":{"0":"post-10379","1":"product","2":"type-product","3":"status-publish","4":"has-post-thumbnail","6":"product_cat-les-livres-sonore-francais","7":"product_cat-livre-sonore","9":"first","10":"instock","11":"shipping-taxable","12":"purchasable","13":"product-type-simple"},"_links":{"self":[{"href":"https:\/\/baralivres.ma\/index.php?rest_route=\/wp\/v2\/product\/10379","targetHints":{"allow":["GET"]}}],"collection":[{"href":"https:\/\/baralivres.ma\/index.php?rest_route=\/wp\/v2\/product"}],"about":[{"href":"https:\/\/baralivres.ma\/index.php?rest_route=\/wp\/v2\/types\/product"}],"replies":[{"embeddable":true,"href":"https:\/\/baralivres.ma\/index.php?rest_route=%2Fwp%2Fv2%2Fcomments&post=10379"}],"version-history":[{"count":1,"href":"https:\/\/baralivres.ma\/index.php?rest_route=\/wp\/v2\/product\/10379\/revisions"}],"predecessor-version":[{"id":10381,"href":"https:\/\/baralivres.ma\/index.php?rest_route=\/wp\/v2\/product\/10379\/revisions\/10381"}],"wp:featuredmedia":[{"embeddable":true,"href":"https:\/\/baralivres.ma\/index.php?rest_route=\/wp\/v2\/media\/10380"}],"wp:attachment":[{"href":"https:\/\/baralivres.ma\/index.php?rest_route=%2Fwp%2Fv2%2Fmedia&parent=10379"}],"wp:term":[{"taxonomy":"product_cat","embeddable":true,"href":"https:\/\/baralivres.ma\/index.php?rest_route=%2Fwp%2Fv2%2Fproduct_cat&post=10379"},{"taxonomy":"product_tag","embeddable":true,"href":"https:\/\/baralivres.ma\/index.php?rest_route=%2Fwp%2Fv2%2Fproduct_tag&post=10379"}],"curies":[{"name":"wp","href":"https:\/\/api.w.org\/{rel}","templated":true}]}}