{"id":10338,"date":"2023-08-25T13:18:34","date_gmt":"2023-08-25T12:18:34","guid":{"rendered":"https:\/\/baralivres.ma\/?post_type=product&#038;p=10338"},"modified":"2024-11-18T16:56:56","modified_gmt":"2024-11-18T15:56:56","slug":"10338","status":"publish","type":"product","link":"https:\/\/baralivres.ma\/?product=10338","title":{"rendered":"MON CARNET DE CP TOME 2"},"content":{"rendered":"<p>Tome 2 : jours 50 \u00e0 100Arthur et sa bande d&rsquo;amis d\u00e9couvrent le CP : trousses, bureaux et dict\u00e9es, mais aussi tournois de corde \u00e0 sauter, petites peines et grandes joies de la cour de r\u00e9cr\u00e9ation.- Des cahiers d&rsquo;activit\u00e9s p\u00e9riscolaires inspir\u00e9s du principep\u00e9dagogique \u00ab\u00a0Chaque jour compte \u00ab\u00a0, utilis\u00e9 par de nombreux enseignants.- 50 questions et d\u00e9fis, ludiques et p\u00e9dagogiques, autour des notions abord\u00e9es au CP- Un ton rassurant et plein d&rsquo;humour pour d\u00e9couvrir l&rsquo;univers de l&rsquo;\u00e9cole \u00e9l\u00e9mentaire- Des corrig\u00e9s en fin d&rsquo;ouvrage pour comprendre et progresser- Des cahiers r\u00e9alis\u00e9s en collaboration avec des enseignants.<\/p>\n","protected":false},"excerpt":{"rendered":"<h5 id=\"title\" class=\"a-spacing-none a-text-normal\"><span id=\"productTitle\" class=\"a-size-extra-large celwidget\" data-csa-c-id=\"a88ain-1quq5j-wfqkia-6rsatz\" data-cel-widget=\"productTitle\">\u00a0Mon carnet de CP &#8211; Tome 1 : Jours 50 \u00e0 100<\/span><\/h5>\n","protected":false},"featured_media":10339,"comment_status":"open","ping_status":"closed","template":"","meta":{"inline_featured_image":false},"product_cat":[210,200],"product_tag":[],"class_list":{"0":"post-10338","1":"product","2":"type-product","3":"status-publish","4":"has-post-thumbnail","6":"product_cat-activites-bebe-enfant","7":"product_cat-activites","9":"first","10":"instock","11":"shipping-taxable","12":"purchasable","13":"product-type-simple"},"_links":{"self":[{"href":"https:\/\/baralivres.ma\/index.php?rest_route=\/wp\/v2\/product\/10338","targetHints":{"allow":["GET"]}}],"collection":[{"href":"https:\/\/baralivres.ma\/index.php?rest_route=\/wp\/v2\/product"}],"about":[{"href":"https:\/\/baralivres.ma\/index.php?rest_route=\/wp\/v2\/types\/product"}],"replies":[{"embeddable":true,"href":"https:\/\/baralivres.ma\/index.php?rest_route=%2Fwp%2Fv2%2Fcomments&post=10338"}],"version-history":[{"count":3,"href":"https:\/\/baralivres.ma\/index.php?rest_route=\/wp\/v2\/product\/10338\/revisions"}],"predecessor-version":[{"id":10344,"href":"https:\/\/baralivres.ma\/index.php?rest_route=\/wp\/v2\/product\/10338\/revisions\/10344"}],"wp:featuredmedia":[{"embeddable":true,"href":"https:\/\/baralivres.ma\/index.php?rest_route=\/wp\/v2\/media\/10339"}],"wp:attachment":[{"href":"https:\/\/baralivres.ma\/index.php?rest_route=%2Fwp%2Fv2%2Fmedia&parent=10338"}],"wp:term":[{"taxonomy":"product_cat","embeddable":true,"href":"https:\/\/baralivres.ma\/index.php?rest_route=%2Fwp%2Fv2%2Fproduct_cat&post=10338"},{"taxonomy":"product_tag","embeddable":true,"href":"https:\/\/baralivres.ma\/index.php?rest_route=%2Fwp%2Fv2%2Fproduct_tag&post=10338"}],"curies":[{"name":"wp","href":"https:\/\/api.w.org\/{rel}","templated":true}]}}