{"id":10279,"date":"2023-08-25T12:37:23","date_gmt":"2023-08-25T11:37:23","guid":{"rendered":"https:\/\/baralivres.ma\/?post_type=product&#038;p=10279"},"modified":"2024-11-06T15:26:23","modified_gmt":"2024-11-06T14:26:23","slug":"une-journee-a-lecole-maternelle","status":"publish","type":"product","link":"https:\/\/baralivres.ma\/?product=une-journee-a-lecole-maternelle","title":{"rendered":"Une journ\u00e9e \u00e0 l&rsquo;\u00e9cole maternelle"},"content":{"rendered":"<p>Ce matin, Madame Girafe, la ma\u00eetresse, accueille les enfants dans la classe. Elle leur propose un atelier d&rsquo;activit\u00e9s manuelles pour apprendre les couleurs&#8230; Ce livre sonore fait d\u00e9couvrir aux tout-petits les premi\u00e8res notions : les couleurs, les chiffres, les formes, les instruments de musique, les \u00e9motions&#8230; Avec 30 puces sonores, voil\u00e0 une fa\u00e7on amusante d&rsquo;apprendre du vocabulaire et de se familiariser avec l&rsquo;environnement de la maternelle.<\/p>\n","protected":false},"excerpt":{"rendered":"<p>Ce matin, Madame Girafe, la ma\u00eetresse, accueille les enfants dans la classe. Elle leur propose un atelier d&rsquo;activit\u00e9s manuelles pour apprendre les couleurs&#8230; Ce livre sonore fait d\u00e9couvrir aux tout-petits les premi\u00e8res notions : les couleurs, les chiffres, les formes, les instruments de musique, les \u00e9motions&#8230; Avec 30 puces sonores, voil\u00e0 une fa\u00e7on amusante d&rsquo;apprendre [&hellip;]<\/p>\n","protected":false},"featured_media":10281,"comment_status":"open","ping_status":"closed","template":"","meta":{"inline_featured_image":false},"product_cat":[3944,197],"product_tag":[],"class_list":{"0":"post-10279","1":"product","2":"type-product","3":"status-publish","4":"has-post-thumbnail","6":"product_cat-les-livres-sonore-francais","7":"product_cat-livre-sonore","9":"first","10":"instock","11":"shipping-taxable","12":"purchasable","13":"product-type-simple"},"_links":{"self":[{"href":"https:\/\/baralivres.ma\/index.php?rest_route=\/wp\/v2\/product\/10279","targetHints":{"allow":["GET"]}}],"collection":[{"href":"https:\/\/baralivres.ma\/index.php?rest_route=\/wp\/v2\/product"}],"about":[{"href":"https:\/\/baralivres.ma\/index.php?rest_route=\/wp\/v2\/types\/product"}],"replies":[{"embeddable":true,"href":"https:\/\/baralivres.ma\/index.php?rest_route=%2Fwp%2Fv2%2Fcomments&post=10279"}],"version-history":[{"count":1,"href":"https:\/\/baralivres.ma\/index.php?rest_route=\/wp\/v2\/product\/10279\/revisions"}],"predecessor-version":[{"id":10282,"href":"https:\/\/baralivres.ma\/index.php?rest_route=\/wp\/v2\/product\/10279\/revisions\/10282"}],"wp:featuredmedia":[{"embeddable":true,"href":"https:\/\/baralivres.ma\/index.php?rest_route=\/wp\/v2\/media\/10281"}],"wp:attachment":[{"href":"https:\/\/baralivres.ma\/index.php?rest_route=%2Fwp%2Fv2%2Fmedia&parent=10279"}],"wp:term":[{"taxonomy":"product_cat","embeddable":true,"href":"https:\/\/baralivres.ma\/index.php?rest_route=%2Fwp%2Fv2%2Fproduct_cat&post=10279"},{"taxonomy":"product_tag","embeddable":true,"href":"https:\/\/baralivres.ma\/index.php?rest_route=%2Fwp%2Fv2%2Fproduct_tag&post=10279"}],"curies":[{"name":"wp","href":"https:\/\/api.w.org\/{rel}","templated":true}]}}