{"id":10206,"date":"2023-08-24T18:05:10","date_gmt":"2023-08-24T17:05:10","guid":{"rendered":"https:\/\/baralivres.ma\/?post_type=product&#038;p=10206"},"modified":"2024-11-06T22:52:01","modified_gmt":"2024-11-06T21:52:01","slug":"les-fondamentaux-de-la-couleur","status":"publish","type":"product","link":"https:\/\/baralivres.ma\/?product=les-fondamentaux-de-la-couleur","title":{"rendered":"Les fondamentaux de la Couleur"},"content":{"rendered":"<p>Ce livre s&rsquo;adresse aussi bien aux amateurs qu&rsquo;\u00e0 tous ceux qui ont d\u00e9j\u00e0 une pratique du dessin et de la peinture, et d\u00e9sirent \u00e9veiller leur potentiel cr\u00e9atif et d\u00e9couvrir leur propre style d&rsquo;expression artistique. Fond\u00e9 sur une m\u00e9thode avan\u00e7ant diverses propositions cr\u00e9atives concr\u00e8tes, il stimule la participation, l&rsquo;exp\u00e9rimentation et la recherche de r\u00e9sultats nouveaux, en transformant le lecteur en v\u00e9ritable protagoniste de l&rsquo;\u0153uvre picturale.<\/p>\n","protected":false},"excerpt":{"rendered":"<p>Ce livre s&rsquo;adresse aussi bien aux amateurs qu&rsquo;\u00e0 tous ceux qui ont d\u00e9j\u00e0 une pratique du dessin et de la peinture, et d\u00e9sirent \u00e9veiller leur potentiel cr\u00e9atif et d\u00e9couvrir leur propre style d&rsquo;expression artistique. Fond\u00e9 sur une m\u00e9thode avan\u00e7ant diverses propositions cr\u00e9atives concr\u00e8tes, il stimule la participation, l&rsquo;exp\u00e9rimentation et la recherche de r\u00e9sultats nouveaux, en [&hellip;]<\/p>\n","protected":false},"featured_media":10211,"comment_status":"open","ping_status":"closed","template":"","meta":{"inline_featured_image":false},"product_cat":[210,200],"product_tag":[],"class_list":{"0":"post-10206","1":"product","2":"type-product","3":"status-publish","4":"has-post-thumbnail","6":"product_cat-activites-bebe-enfant","7":"product_cat-activites","9":"first","10":"instock","11":"shipping-taxable","12":"purchasable","13":"product-type-simple"},"_links":{"self":[{"href":"https:\/\/baralivres.ma\/index.php?rest_route=\/wp\/v2\/product\/10206","targetHints":{"allow":["GET"]}}],"collection":[{"href":"https:\/\/baralivres.ma\/index.php?rest_route=\/wp\/v2\/product"}],"about":[{"href":"https:\/\/baralivres.ma\/index.php?rest_route=\/wp\/v2\/types\/product"}],"replies":[{"embeddable":true,"href":"https:\/\/baralivres.ma\/index.php?rest_route=%2Fwp%2Fv2%2Fcomments&post=10206"}],"version-history":[{"count":1,"href":"https:\/\/baralivres.ma\/index.php?rest_route=\/wp\/v2\/product\/10206\/revisions"}],"predecessor-version":[{"id":10212,"href":"https:\/\/baralivres.ma\/index.php?rest_route=\/wp\/v2\/product\/10206\/revisions\/10212"}],"wp:featuredmedia":[{"embeddable":true,"href":"https:\/\/baralivres.ma\/index.php?rest_route=\/wp\/v2\/media\/10211"}],"wp:attachment":[{"href":"https:\/\/baralivres.ma\/index.php?rest_route=%2Fwp%2Fv2%2Fmedia&parent=10206"}],"wp:term":[{"taxonomy":"product_cat","embeddable":true,"href":"https:\/\/baralivres.ma\/index.php?rest_route=%2Fwp%2Fv2%2Fproduct_cat&post=10206"},{"taxonomy":"product_tag","embeddable":true,"href":"https:\/\/baralivres.ma\/index.php?rest_route=%2Fwp%2Fv2%2Fproduct_tag&post=10206"}],"curies":[{"name":"wp","href":"https:\/\/api.w.org\/{rel}","templated":true}]}}