{"id":10194,"date":"2023-08-24T17:52:00","date_gmt":"2023-08-24T16:52:00","guid":{"rendered":"https:\/\/baralivres.ma\/?post_type=product&#038;p=10194"},"modified":"2024-11-06T22:52:26","modified_gmt":"2024-11-06T21:52:26","slug":"palette-magique-bebes-animaux-disney","status":"publish","type":"product","link":"https:\/\/baralivres.ma\/?product=palette-magique-bebes-animaux-disney","title":{"rendered":"Palette magique B\u00e9b\u00e9s animaux Disney"},"content":{"rendered":"<p>Initiez-vous \u00e0 l&rsquo;aquarelle avec la palette magique d&rsquo;Art-th\u00e9rapie : coloriez pr\u00e8s de 25 illustrations \u00e0 laide d&rsquo;un simple pinceau et d&rsquo;un peu d&rsquo;eau, et choisissez les couleurs qui vous inspirent en utilisant les diff\u00e9rentes palettes magiques fournies dans cet ouvrage.<\/p>\n<p>Bambi et Panpan, les 101 Dalmatiens ou encore les Aristochats : les plus mignons b\u00e9b\u00e9s animaux Disney vous invitent \u00e0 prendre le pinceau pour s&rsquo;initier \u00e0 la magie de l&rsquo;aquarelle : faites varier les nuaces de vos personnages pr\u00e9f\u00e9r\u00e9s et donnez-leur vie \u00e0 l&rsquo;aide de couleurs \u00e9clatantes ou d\u00e9licates !<\/p>\n","protected":false},"excerpt":{"rendered":"<p>1 &#8211; Choisissez un dessin et d\u00e9tachez-le du bloc<br \/>\n2 &#8211; Prenez le pinceau fourni et un r\u00e9cipient rempli d&rsquo;eau<br \/>\n3 &#8211; Choisissez les couleurs sur la palette<br \/>\n4 &#8211; Et donnez vie \u00e0 votre dessin !<\/p>\n<p>D\u00e9tendez-vous et retrouvez le plaisir de cr\u00e9er.<\/p>\n","protected":false},"featured_media":10198,"comment_status":"open","ping_status":"closed","template":"","meta":{"inline_featured_image":false},"product_cat":[210,200],"product_tag":[],"class_list":{"0":"post-10194","1":"product","2":"type-product","3":"status-publish","4":"has-post-thumbnail","6":"product_cat-activites-bebe-enfant","7":"product_cat-activites","9":"first","10":"instock","11":"shipping-taxable","12":"purchasable","13":"product-type-simple"},"_links":{"self":[{"href":"https:\/\/baralivres.ma\/index.php?rest_route=\/wp\/v2\/product\/10194","targetHints":{"allow":["GET"]}}],"collection":[{"href":"https:\/\/baralivres.ma\/index.php?rest_route=\/wp\/v2\/product"}],"about":[{"href":"https:\/\/baralivres.ma\/index.php?rest_route=\/wp\/v2\/types\/product"}],"replies":[{"embeddable":true,"href":"https:\/\/baralivres.ma\/index.php?rest_route=%2Fwp%2Fv2%2Fcomments&post=10194"}],"version-history":[{"count":1,"href":"https:\/\/baralivres.ma\/index.php?rest_route=\/wp\/v2\/product\/10194\/revisions"}],"predecessor-version":[{"id":10199,"href":"https:\/\/baralivres.ma\/index.php?rest_route=\/wp\/v2\/product\/10194\/revisions\/10199"}],"wp:featuredmedia":[{"embeddable":true,"href":"https:\/\/baralivres.ma\/index.php?rest_route=\/wp\/v2\/media\/10198"}],"wp:attachment":[{"href":"https:\/\/baralivres.ma\/index.php?rest_route=%2Fwp%2Fv2%2Fmedia&parent=10194"}],"wp:term":[{"taxonomy":"product_cat","embeddable":true,"href":"https:\/\/baralivres.ma\/index.php?rest_route=%2Fwp%2Fv2%2Fproduct_cat&post=10194"},{"taxonomy":"product_tag","embeddable":true,"href":"https:\/\/baralivres.ma\/index.php?rest_route=%2Fwp%2Fv2%2Fproduct_tag&post=10194"}],"curies":[{"name":"wp","href":"https:\/\/api.w.org\/{rel}","templated":true}]}}