{"id":10172,"date":"2023-08-24T17:34:59","date_gmt":"2023-08-24T16:34:59","guid":{"rendered":"https:\/\/baralivres.ma\/?post_type=product&#038;p=10172"},"modified":"2024-11-06T17:52:20","modified_gmt":"2024-11-06T16:52:20","slug":"bravo-petit-bebe","status":"publish","type":"product","link":"https:\/\/baralivres.ma\/?product=bravo-petit-bebe","title":{"rendered":"Bravo petit b\u00e9b\u00e9"},"content":{"rendered":"<div class=\"row\">\n<div class=\"col-sm-6 \">\n<div class=\"field-group-htabs-wrapper group-onglets-livres field-group-htabs\">\n<div class=\"horizontal-tabs clearfix\">\n<div class=\"horizontal-tabs-panes horizontal-tabs-processed\">\n<fieldset class=\"group-resume field-group-htab panel panel-default form-wrapper horizontal-tabs-pane\">\n<div class=\"panel-body\">\n<div class=\"field field-name-hw-presentation-editoriale field-type-text-long field-label-hidden\">\n<div class=\"field-items\">\n<div class=\"field-item even\">Un livre anim\u00e9 avec des mati\u00e8res \u00e0 toucher et un grand d\u00e9pliant pop-up pour stimuler la curiosit\u00e9 des tout-petits et les accompagner dans leur d\u00e9couverte du monde. Un ouvrage qui met en lumi\u00e8re toutes sortes de b\u00e9b\u00e9s animaux et leurs mamans et leurs petits exploits quotidiens. Un ouvrage interactif qui invite les enfants \u00e0 applaudir<\/div>\n<\/div>\n<\/div>\n<\/div>\n<\/fieldset>\n<\/div>\n<\/div>\n<\/div>\n<\/div>\n<\/div>\n","protected":false},"excerpt":{"rendered":"<p>Un livre anim\u00e9 avec des mati\u00e8res \u00e0 toucher et un grand d\u00e9pliant pop-up pour stimuler la curiosit\u00e9 des tout-petits et les accompagner dans leur d\u00e9couverte du monde. Un ouvrage qui met en lumi\u00e8re toutes sortes de b\u00e9b\u00e9s animaux et leurs mamans et leurs petits exploits quotidiens. Un ouvrage interactif qui invite les enfants \u00e0 applaudir<\/p>\n","protected":false},"featured_media":10173,"comment_status":"open","ping_status":"closed","template":"","meta":{"inline_featured_image":false},"product_cat":[3952,3950,198],"product_tag":[],"class_list":{"0":"post-10172","1":"product","2":"type-product","3":"status-publish","4":"has-post-thumbnail","6":"product_cat-les-livres-a-toucher-pour-bebe","7":"product_cat-les-livres-cartonnes-francais","8":"product_cat-livres-animes","10":"first","11":"instock","12":"shipping-taxable","13":"purchasable","14":"product-type-simple"},"_links":{"self":[{"href":"https:\/\/baralivres.ma\/index.php?rest_route=\/wp\/v2\/product\/10172","targetHints":{"allow":["GET"]}}],"collection":[{"href":"https:\/\/baralivres.ma\/index.php?rest_route=\/wp\/v2\/product"}],"about":[{"href":"https:\/\/baralivres.ma\/index.php?rest_route=\/wp\/v2\/types\/product"}],"replies":[{"embeddable":true,"href":"https:\/\/baralivres.ma\/index.php?rest_route=%2Fwp%2Fv2%2Fcomments&post=10172"}],"version-history":[{"count":1,"href":"https:\/\/baralivres.ma\/index.php?rest_route=\/wp\/v2\/product\/10172\/revisions"}],"predecessor-version":[{"id":10174,"href":"https:\/\/baralivres.ma\/index.php?rest_route=\/wp\/v2\/product\/10172\/revisions\/10174"}],"wp:featuredmedia":[{"embeddable":true,"href":"https:\/\/baralivres.ma\/index.php?rest_route=\/wp\/v2\/media\/10173"}],"wp:attachment":[{"href":"https:\/\/baralivres.ma\/index.php?rest_route=%2Fwp%2Fv2%2Fmedia&parent=10172"}],"wp:term":[{"taxonomy":"product_cat","embeddable":true,"href":"https:\/\/baralivres.ma\/index.php?rest_route=%2Fwp%2Fv2%2Fproduct_cat&post=10172"},{"taxonomy":"product_tag","embeddable":true,"href":"https:\/\/baralivres.ma\/index.php?rest_route=%2Fwp%2Fv2%2Fproduct_tag&post=10172"}],"curies":[{"name":"wp","href":"https:\/\/api.w.org\/{rel}","templated":true}]}}