{"id":10162,"date":"2023-08-24T16:31:39","date_gmt":"2023-08-24T15:31:39","guid":{"rendered":"https:\/\/baralivres.ma\/?post_type=product&#038;p=10162"},"modified":"2024-11-18T17:00:00","modified_gmt":"2024-11-18T16:00:00","slug":"mes-animaux-preferes","status":"publish","type":"product","link":"https:\/\/baralivres.ma\/?product=mes-animaux-preferes","title":{"rendered":"Mes animaux pr\u00e9f\u00e9r\u00e9s"},"content":{"rendered":"<p>Du lama au paresseux, un livre interactif pour d\u00e9couvrir les animaux de tous les pays, id\u00e9al pour \u00e9veiller votre enfant au monde qui l&rsquo;entoure. Pour apprendre en s&rsquo;amusant ! Avec des jeux d&rsquo;observation. Pour enrichir le vocabulaire ; Patapon est une collection con\u00e7ue par des sp\u00e9cialistes de la petite enfance. Test\u00e9e par les enfants, approuv\u00e9e par les parents.<\/p>\n","protected":false},"excerpt":{"rendered":"<p>Du lama au paresseux, un livre interactif pour d\u00e9couvrir les animaux de tous les pays, id\u00e9al pour \u00e9veiller votre enfant au monde qui l&rsquo;entoure. Pour apprendre en s&rsquo;amusant ! Avec des jeux d&rsquo;observation. Pour enrichir le vocabulaire ; Patapon est une collection con\u00e7ue par des sp\u00e9cialistes de la petite enfance. Test\u00e9e par les enfants, approuv\u00e9e [&hellip;]<\/p>\n","protected":false},"featured_media":10165,"comment_status":"open","ping_status":"closed","template":"","meta":{"inline_featured_image":false},"product_cat":[3952],"product_tag":[],"class_list":{"0":"post-10162","1":"product","2":"type-product","3":"status-publish","4":"has-post-thumbnail","6":"product_cat-les-livres-a-toucher-pour-bebe","8":"first","9":"instock","10":"shipping-taxable","11":"purchasable","12":"product-type-simple"},"_links":{"self":[{"href":"https:\/\/baralivres.ma\/index.php?rest_route=\/wp\/v2\/product\/10162","targetHints":{"allow":["GET"]}}],"collection":[{"href":"https:\/\/baralivres.ma\/index.php?rest_route=\/wp\/v2\/product"}],"about":[{"href":"https:\/\/baralivres.ma\/index.php?rest_route=\/wp\/v2\/types\/product"}],"replies":[{"embeddable":true,"href":"https:\/\/baralivres.ma\/index.php?rest_route=%2Fwp%2Fv2%2Fcomments&post=10162"}],"version-history":[{"count":1,"href":"https:\/\/baralivres.ma\/index.php?rest_route=\/wp\/v2\/product\/10162\/revisions"}],"predecessor-version":[{"id":10166,"href":"https:\/\/baralivres.ma\/index.php?rest_route=\/wp\/v2\/product\/10162\/revisions\/10166"}],"wp:featuredmedia":[{"embeddable":true,"href":"https:\/\/baralivres.ma\/index.php?rest_route=\/wp\/v2\/media\/10165"}],"wp:attachment":[{"href":"https:\/\/baralivres.ma\/index.php?rest_route=%2Fwp%2Fv2%2Fmedia&parent=10162"}],"wp:term":[{"taxonomy":"product_cat","embeddable":true,"href":"https:\/\/baralivres.ma\/index.php?rest_route=%2Fwp%2Fv2%2Fproduct_cat&post=10162"},{"taxonomy":"product_tag","embeddable":true,"href":"https:\/\/baralivres.ma\/index.php?rest_route=%2Fwp%2Fv2%2Fproduct_tag&post=10162"}],"curies":[{"name":"wp","href":"https:\/\/api.w.org\/{rel}","templated":true}]}}